Last updated on 2025-05-03 03:52:11 CEST.
Flavor | Version | Tinstall | Tcheck | Ttotal | Status | Flags |
---|---|---|---|---|---|---|
r-devel-linux-x86_64-debian-clang | 2.2.5 | 7.49 | 81.51 | 89.00 | NOTE | |
r-devel-linux-x86_64-debian-gcc | 2.2.5 | 5.75 | 61.87 | 67.62 | NOTE | |
r-devel-linux-x86_64-fedora-clang | 2.2.5 | 144.90 | OK | |||
r-devel-linux-x86_64-fedora-gcc | 2.2.5 | 157.87 | OK | |||
r-devel-windows-x86_64 | 2.2.5 | 10.00 | 95.00 | 105.00 | OK | |
r-patched-linux-x86_64 | 2.2.5 | 7.69 | 76.00 | 83.69 | OK | |
r-release-linux-x86_64 | OK | |||||
r-release-macos-arm64 | 2.2.5 | 56.00 | OK | |||
r-release-macos-x86_64 | 2.2.5 | 86.00 | OK | |||
r-release-windows-x86_64 | 2.2.5 | 10.00 | 97.00 | 107.00 | OK | |
r-oldrel-macos-arm64 | 2.2.5 | 53.00 | OK | |||
r-oldrel-macos-x86_64 | 2.2.5 | 80.00 | OK | |||
r-oldrel-windows-x86_64 | 2.2.5 | 11.00 | 118.00 | 129.00 | OK |
Version: 2.2.5
Check: CRAN incoming feasibility
Result: NOTE
Maintainer: ‘Mathew Chamberlain <chamberlainphd@gmail.com>’
Package CITATION file contains call(s) to old-style personList() or
as.personList(). Please use c() on person objects instead.
Package CITATION file contains call(s) to old-style citEntry(). Please
use bibentry() instead.
Flavors: r-devel-linux-x86_64-debian-clang, r-devel-linux-x86_64-debian-gcc