Last updated on 2025-05-04 03:51:06 CEST.
Flavor | Version | Tinstall | Tcheck | Ttotal | Status | Flags |
---|---|---|---|---|---|---|
r-devel-linux-x86_64-debian-clang | 1.0.1 | 6.20 | 52.38 | 58.58 | NOTE | |
r-devel-linux-x86_64-debian-gcc | 1.0.1 | 4.61 | 40.11 | 44.72 | NOTE | |
r-devel-linux-x86_64-fedora-clang | 1.0.1 | 90.27 | OK | |||
r-devel-linux-x86_64-fedora-gcc | 1.0.1 | 87.12 | OK | |||
r-devel-windows-x86_64 | 1.0.1 | 6.00 | 77.00 | 83.00 | OK | |
r-patched-linux-x86_64 | 1.0.1 | 6.18 | 50.50 | 56.68 | OK | |
r-release-linux-x86_64 | OK | |||||
r-release-macos-arm64 | 1.0.1 | 32.00 | OK | |||
r-release-macos-x86_64 | 1.0.1 | 56.00 | OK | |||
r-release-windows-x86_64 | 1.0.1 | 7.00 | 73.00 | 80.00 | OK | |
r-oldrel-macos-arm64 | 1.0.1 | 29.00 | OK | |||
r-oldrel-macos-x86_64 | 1.0.1 | 45.00 | OK | |||
r-oldrel-windows-x86_64 | 1.0.1 | 9.00 | 85.00 | 94.00 | OK |
Version: 1.0.1
Check: CRAN incoming feasibility
Result: NOTE
Maintainer: ‘Qi Zhang <karlmzhang@gmail.com>’
No Authors@R field in DESCRIPTION.
Please add one, modifying
Authors@R: c(person(given = "Pengsheng",
family = "Ji",
role = "aut"),
person(given = "Jiashun",
family = "Jin",
role = "aut"),
person(given = "Qi",
family = "Zhang",
role = c("aut", "cre"),
email = "karlmzhang@gmail.com"))
as necessary.
Flavors: r-devel-linux-x86_64-debian-clang, r-devel-linux-x86_64-debian-gcc