CRAN Package Check Results for Package SVMD

Last updated on 2025-05-01 03:50:05 CEST.

Flavor Version Tinstall Tcheck Ttotal Status Flags
r-devel-linux-x86_64-debian-clang 0.1.0 2.68 27.58 30.26 OK
r-devel-linux-x86_64-debian-gcc 0.1.0 1.97 25.09 27.06 OK
r-devel-linux-x86_64-fedora-clang 0.1.0 44.57 OK
r-devel-linux-x86_64-fedora-gcc 0.1.0 41.82 OK
r-devel-windows-x86_64 0.1.0 4.00 47.00 51.00 OK
r-patched-linux-x86_64 0.1.0 2.62 24.77 27.39 OK
r-release-linux-x86_64 0.1.0 2.28 24.13 26.41 OK
r-release-macos-arm64 0.1.0 19.00 OK
r-release-macos-x86_64 0.1.0 32.00 OK
r-release-windows-x86_64 0.1.0 4.00 52.00 56.00 OK
r-oldrel-macos-arm64 0.1.0 20.00 OK
r-oldrel-macos-x86_64 0.1.0 44.00 OK
r-oldrel-windows-x86_64 0.1.0 4.00 48.00 52.00 OK

Check Details

Version: 0.1.0
Check: examples
Result: NA user system elapsed sVMD 5.876 0.051 3.57 OK Flavor: r-devel-linux-x86_64-debian-gcc