Last updated on 2025-05-03 03:52:12 CEST.
Flavor | Version | Tinstall | Tcheck | Ttotal | Status | Flags |
---|---|---|---|---|---|---|
r-devel-linux-x86_64-debian-clang | 1.2 | 8.73 | 128.79 | 137.52 | NOTE | |
r-devel-linux-x86_64-debian-gcc | 1.2 | 6.52 | 90.90 | 97.42 | NOTE | |
r-devel-linux-x86_64-fedora-clang | 1.2 | 215.96 | NOTE | |||
r-devel-linux-x86_64-fedora-gcc | 1.2 | 221.16 | NOTE | |||
r-devel-windows-x86_64 | 1.2 | 10.00 | 130.00 | 140.00 | NOTE | |
r-patched-linux-x86_64 | 1.2 | 8.38 | 122.00 | 130.38 | NOTE | |
r-release-linux-x86_64 | NOTE | |||||
r-release-macos-arm64 | 1.2 | 70.00 | NOTE | |||
r-release-macos-x86_64 | 1.2 | 136.00 | NOTE | |||
r-release-windows-x86_64 | 1.2 | 9.00 | 128.00 | 137.00 | NOTE | |
r-oldrel-macos-arm64 | 1.2 | 65.00 | NOTE | |||
r-oldrel-macos-x86_64 | 1.2 | 106.00 | NOTE | |||
r-oldrel-windows-x86_64 | 1.2 | 12.00 | 176.00 | 188.00 | NOTE |
Version: 1.2
Check: CRAN incoming feasibility
Result: NOTE
Maintainer: ‘Thijs Janzen <thijsjanzen@gmail.com>’
The Description field contains
<http://onlinelibrary.wiley.com/wol1/doi/10.1890/14-0454.1/abstract>
Please use permanent DOI markup for linking to publications as in <doi:prefix/suffix>.
The BugReports field in DESCRIPTION has
https://github.com/thijsjanzen/STEPCAM
which should likely be
https://github.com/thijsjanzen/STEPCAM/issues
instead.
Flavors: r-devel-linux-x86_64-debian-clang, r-devel-linux-x86_64-debian-gcc
Version: 1.2
Check: Rd files
Result: NOTE
checkRd: (-1) STEPCAM_ABC.Rd:19: Lost braces
19 | \code{rows}{ every row corresponds to a different plot or community} \cr
| ^
checkRd: (-1) STEPCAM_ABC.Rd:20: Lost braces
20 | \code{columns}{ every column corresponds to a different species.} \cr
| ^
checkRd: (-1) STEPCAM_ABC.Rd:25: Lost braces
25 | \code{rows}{ every row corresponds to a different species} \cr
| ^
checkRd: (-1) STEPCAM_ABC.Rd:26: Lost braces
26 | \code{columns}{ the first column contains the name of the species, every consecutive column corresponds to a different trait} \cr
| ^
checkRd: (-1) plotSTEPCAM.Rd:16: Lost braces
16 | - \code{DA}{ a vector containing the posterior distribution for the parameter dispersal assembly} \cr
| ^
checkRd: (-1) plotSTEPCAM.Rd:17: Lost braces
17 | - \code{HF}{ a vector containing the posterior distribution for the parameter habitat filtering} \cr
| ^
checkRd: (-1) plotSTEPCAM.Rd:18: Lost braces
18 | - \code{LS}{ a vector containing the posterior distribution for the parameter limiting similarity} \cr
| ^
Flavors: r-devel-linux-x86_64-debian-clang, r-devel-linux-x86_64-debian-gcc, r-devel-linux-x86_64-fedora-clang, r-devel-linux-x86_64-fedora-gcc, r-devel-windows-x86_64, r-patched-linux-x86_64, r-release-linux-x86_64, r-release-macos-arm64, r-release-macos-x86_64, r-release-windows-x86_64, r-oldrel-macos-arm64, r-oldrel-macos-x86_64, r-oldrel-windows-x86_64