Last updated on 2025-05-02 03:51:23 CEST.
Flavor | Version | Tinstall | Tcheck | Ttotal | Status | Flags |
---|---|---|---|---|---|---|
r-devel-linux-x86_64-debian-clang | 0.2.1 | 21.57 | 465.17 | 486.74 | NOTE | |
r-devel-linux-x86_64-debian-gcc | 0.2.1 | 14.27 | 289.58 | 303.85 | OK | |
r-devel-linux-x86_64-fedora-clang | 0.2.1 | 759.92 | OK | |||
r-devel-linux-x86_64-fedora-gcc | 0.2.1 | 750.76 | OK | |||
r-devel-windows-x86_64 | 0.2.1 | 25.00 | 370.00 | 395.00 | OK | |
r-patched-linux-x86_64 | 0.2.1 | 22.20 | 436.57 | 458.77 | OK | |
r-release-linux-x86_64 | OK | |||||
r-release-macos-arm64 | 0.2.1 | 171.00 | OK | |||
r-release-macos-x86_64 | 0.2.1 | 385.00 | OK | |||
r-release-windows-x86_64 | 0.2.1 | 26.00 | 376.00 | 402.00 | OK | |
r-oldrel-macos-arm64 | 0.2.1 | 173.00 | OK | |||
r-oldrel-macos-x86_64 | 0.2.1 | 473.00 | OK | |||
r-oldrel-windows-x86_64 | 0.2.1 | 32.00 | 666.00 | 698.00 | OK |
Version: 0.2.1
Check: examples
Result: NOTE
Examples with CPU (user + system) or elapsed time > 5s
user system elapsed
ssn_import_predpts 6.251 0.008 8.004
deviance.SSN2 5.795 0.051 7.842
ssn_glm 5.480 0.071 7.263
Flavor: r-devel-linux-x86_64-debian-clang