CRAN Package Check Results for Package SMME

Last updated on 2025-11-27 03:50:31 CET.

Flavor Version Tinstall Tcheck Ttotal Status Flags
r-devel-linux-x86_64-debian-clang 1.1.1 30.26 32.59 62.85 WARN
r-devel-linux-x86_64-debian-gcc 1.1.1 21.65 25.01 46.66 WARN
r-devel-linux-x86_64-fedora-clang 1.1.1 60.00 50.74 110.74 NOTE
r-devel-linux-x86_64-fedora-gcc 1.1.1 74.00 31.08 105.08 NOTE
r-devel-windows-x86_64 1.1.1 43.00 69.00 112.00 NOTE
r-patched-linux-x86_64 1.1.1 32.14 30.12 62.26 NOTE
r-release-linux-x86_64 1.1.1 35.39 29.78 65.17 NOTE
r-release-macos-arm64 1.1.1 NOTE
r-release-macos-x86_64 1.1.1 30.00 31.00 61.00 NOTE
r-release-windows-x86_64 1.1.1 37.00 80.00 117.00 NOTE
r-oldrel-macos-arm64 1.1.1 NOTE
r-oldrel-macos-x86_64 1.1.1 23.00 25.00 48.00 NOTE
r-oldrel-windows-x86_64 1.1.1 46.00 83.00 129.00 NOTE

Check Details

Version: 1.1.1
Check: whether package can be installed
Result: WARN Found the following significant warnings: /home/hornik/tmp/R.check/r-devel-clang/Work/build/Packages/RcppArmadillo/include/RcppArmadillo/version/arma.h:66:17: warning: Using fallback compilation with Armadillo 14.6.3. Please consider defining -DARMA_USE_CURRENT and also removing C++11 compilation directive. See GitHub issue #475 for more. [-W#pragma-messages] See ‘/home/hornik/tmp/R.check/r-devel-clang/Work/PKGS/SMME.Rcheck/00install.out’ for details. * used C++ compiler: ‘Debian clang version 21.1.5 (1)’ Flavor: r-devel-linux-x86_64-debian-clang

Version: 1.1.1
Check: C++ specification
Result: NOTE Specified C++11: please drop specification unless essential Flavors: r-devel-linux-x86_64-debian-clang, r-devel-linux-x86_64-debian-gcc, r-devel-windows-x86_64, r-patched-linux-x86_64, r-release-linux-x86_64, r-release-macos-arm64, r-release-macos-x86_64, r-release-windows-x86_64, r-oldrel-macos-arm64, r-oldrel-macos-x86_64, r-oldrel-windows-x86_64

Version: 1.1.1
Check: whether package can be installed
Result: WARN Found the following significant warnings: /home/hornik/tmp/R.check/r-devel-gcc/Work/build/Packages/RcppArmadillo/include/RcppArmadillo/version/arma.h:66:199: note: ‘#pragma message: Using fallback compilation with Armadillo 14.6.3. Please consider defining -DARMA_USE_CURRENT and also removing C++11 compilation directive. See GitHub issue #475 for more.’ See ‘/home/hornik/tmp/R.check/r-devel-gcc/Work/PKGS/SMME.Rcheck/00install.out’ for details. * used C++ compiler: ‘g++-15 (Debian 15.2.0-7) 15.2.0’ Flavor: r-devel-linux-x86_64-debian-gcc

Version: 1.1.1
Check: C++ specification
Result: NOTE Specified C++11: support will be removed soon Flavors: r-devel-linux-x86_64-fedora-clang, r-devel-linux-x86_64-fedora-gcc