Last updated on 2025-05-18 03:50:31 CEST.
Flavor | Version | Tinstall | Tcheck | Ttotal | Status | Flags |
---|---|---|---|---|---|---|
r-devel-linux-x86_64-debian-clang | 1.0.1 | 13.33 | 194.94 | 208.27 | OK | |
r-devel-linux-x86_64-debian-gcc | 1.0.1 | 9.11 | 119.61 | 128.72 | ERROR | |
r-devel-linux-x86_64-fedora-clang | 1.0.1 | 306.70 | OK | |||
r-devel-linux-x86_64-fedora-gcc | 1.0.1 | 296.68 | OK | |||
r-devel-windows-x86_64 | 1.0.1 | 14.00 | 207.00 | 221.00 | OK | |
r-patched-linux-x86_64 | 1.0.1 | 13.74 | 184.73 | 198.47 | OK | |
r-release-linux-x86_64 | 1.0.1 | 12.87 | 188.05 | 200.92 | OK | |
r-release-macos-arm64 | 1.0.1 | 302.00 | OK | |||
r-release-macos-x86_64 | 1.0.1 | 318.00 | OK | |||
r-release-windows-x86_64 | 1.0.1 | 16.00 | 205.00 | 221.00 | OK | |
r-oldrel-macos-arm64 | 1.0.1 | 303.00 | OK | |||
r-oldrel-macos-x86_64 | 1.0.1 | 331.00 | OK | |||
r-oldrel-windows-x86_64 | 1.0.1 | 20.00 | 250.00 | 270.00 | OK |
Version: 1.0.1
Check: tests
Result: ERROR
Running ‘testthat.R’ [42s/384s]
Running the tests in ‘tests/testthat.R’ failed.
Complete output:
> library(testthat)
> library(SLOS)
>
> test_check("SLOS")
[ FAIL 1 | WARN 0 | SKIP 0 | PASS 7 ]
══ Failed tests ════════════════════════════════════════════════════════════════
── Error ('test-Evaluation.R:5:3'): SLOS generates expected outputs ────────────
<curl_error_http2_stream/curl_error/error/condition>
Error in `curl::curl_fetch_disk(url, x$path, handle = handle)`: Stream error in the HTTP/2 framing layer [release-assets.githubusercontent.com]: HTTP/2 stream 1 was not closed cleanly: PROTOCOL_ERROR (err 1)
Backtrace:
▆
1. ├─base::suppressWarnings(SLOS::SLOS(mock_data)) at test-Evaluation.R:5:3
2. │ └─base::withCallingHandlers(...)
3. ├─SLOS::SLOS(mock_data)
4. │ └─SLOS::predict_and_evaluate(data)
5. │ └─SLOS::load_SLOSModel()
6. │ └─httr::GET(url, write_disk(temp_file, overwrite = TRUE))
7. │ └─httr:::request_perform(req, hu$handle$handle)
8. │ ├─httr:::request_fetch(req$output, req$url, handle)
9. │ └─httr:::request_fetch.write_disk(req$output, req$url, handle)
10. │ └─curl::curl_fetch_disk(url, x$path, handle = handle)
11. └─curl:::raise_libcurl_error(...)
[ FAIL 1 | WARN 0 | SKIP 0 | PASS 7 ]
Error: Test failures
Execution halted
Flavor: r-devel-linux-x86_64-debian-gcc