Last updated on 2025-05-02 03:51:22 CEST.
Flavor | Version | Tinstall | Tcheck | Ttotal | Status | Flags |
---|---|---|---|---|---|---|
r-devel-linux-x86_64-debian-clang | 1.3.2 | 10.28 | 109.35 | 119.63 | NOTE | |
r-devel-linux-x86_64-debian-gcc | 1.3.2 | 7.09 | 79.80 | 86.89 | OK | |
r-devel-linux-x86_64-fedora-clang | 1.3.2 | 181.34 | OK | |||
r-devel-linux-x86_64-fedora-gcc | 1.3.2 | 186.84 | OK | |||
r-devel-windows-x86_64 | 1.3.2 | 12.00 | 119.00 | 131.00 | OK | |
r-patched-linux-x86_64 | 1.3.2 | 8.37 | 100.26 | 108.63 | OK | |
r-release-linux-x86_64 | OK | |||||
r-release-macos-arm64 | 1.3.2 | 69.00 | OK | |||
r-release-macos-x86_64 | 1.3.2 | 138.00 | OK | |||
r-release-windows-x86_64 | 1.3.2 | 10.00 | 114.00 | 124.00 | OK | |
r-oldrel-macos-arm64 | 1.3.2 | 57.00 | OK | |||
r-oldrel-macos-x86_64 | 1.3.2 | 87.00 | OK | |||
r-oldrel-windows-x86_64 | 1.3.2 | 17.00 | 149.00 | 166.00 | OK |
Version: 1.3.2
Check: examples
Result: NOTE
Examples with CPU (user + system) or elapsed time > 5s
user system elapsed
SIMMS-package 5.634 0.292 9.849
Flavor: r-devel-linux-x86_64-debian-clang