Last updated on 2025-10-31 02:50:43 CET.
| Flavor | Version | Tinstall | Tcheck | Ttotal | Status | Flags | 
|---|---|---|---|---|---|---|
| r-devel-linux-x86_64-debian-clang | 0.2.0 | 10.90 | 324.10 | 335.00 | NOTE | |
| r-devel-linux-x86_64-debian-gcc | 0.2.0 | 7.05 | 206.25 | 213.30 | NOTE | |
| r-devel-linux-x86_64-fedora-clang | 0.2.0 | 26.00 | 501.94 | 527.94 | NOTE | |
| r-devel-linux-x86_64-fedora-gcc | 0.2.0 | 21.00 | 559.59 | 580.59 | NOTE | |
| r-devel-windows-x86_64 | 0.2.0 | 11.00 | 337.00 | 348.00 | NOTE | |
| r-patched-linux-x86_64 | 0.2.0 | 10.41 | 310.66 | 321.07 | NOTE | |
| r-release-linux-x86_64 | 0.2.0 | 10.62 | 304.69 | 315.31 | NOTE | |
| r-release-macos-arm64 | 0.2.0 | 5.00 | 170.00 | 175.00 | NOTE | |
| r-release-macos-x86_64 | 0.2.0 | 9.00 | 343.00 | 352.00 | NOTE | |
| r-release-windows-x86_64 | 0.2.0 | 14.00 | 350.00 | 364.00 | NOTE | |
| r-oldrel-macos-arm64 | 0.2.0 | 5.00 | 166.00 | 171.00 | NOTE | |
| r-oldrel-macos-x86_64 | 0.2.0 | 8.00 | 274.00 | 282.00 | NOTE | |
| r-oldrel-windows-x86_64 | 0.2.0 | 18.00 | 441.00 | 459.00 | NOTE | 
Version: 0.2.0
Check: Rd files
Result: NOTE
  checkRd: (-1) fd_term.Rd:4: Lost braces; missing escapes or markup?
       4 | d/d_{theta_l}
         |     ^
  checkRd: (-1) gamma_fd.Rd:4: Lost braces; missing escapes or markup?
       4 | d/d_{gamma_l}
         |     ^
  checkRd: (-1) gamma_off.Rd:4: Lost braces; missing escapes or markup?
       4 | d^2/d_{gamma_l}d{gamma_m}
         |       ^
  checkRd: (-1) gamma_off.Rd:4: Lost braces
       4 | d^2/d_{gamma_l}d{gamma_m}
         |                 ^
  checkRd: (-1) gamma_off.Rd:7: Lost braces; missing escapes or markup?
       7 | Calculates the [off-diagonal] Information matrix term for I_{gamma gamma} with respect to outcome l and outcome m.
         |                                                             ^
  checkRd: (-1) gamma_on.Rd:4: Lost braces; missing escapes or markup?
       4 | d^2/d_{gamma_l}d{gamma_l}
         |       ^
  checkRd: (-1) gamma_on.Rd:4: Lost braces
       4 | d^2/d_{gamma_l}d{gamma_l}
         |                 ^
  checkRd: (-1) gamma_on.Rd:7: Lost braces; missing escapes or markup?
       7 | Calculates the [on-diagonal] Information matrix term for I_{gamma gamma} with respect to outcome l.
         |                                                            ^
  checkRd: (-1) gammasigma.Rd:4: Lost braces; missing escapes or markup?
       4 | d^2/d_{gamma_l}d{sigma^2}
         |       ^
  checkRd: (-1) gammasigma.Rd:4: Lost braces
       4 | d^2/d_{gamma_l}d{sigma^2}
         |                 ^
  checkRd: (-1) gammasigma.Rd:7: Lost braces; missing escapes or markup?
       7 | Calculates the Information matrix term of I_{eta gamma} for one outcome of interest l.
         |                                             ^
  checkRd: (-1) gammatheta.Rd:4: Lost braces; missing escapes or markup?
       4 | d^2/d_{gamma_k}d{theta_k}
         |       ^
  checkRd: (-1) gammatheta.Rd:4: Lost braces
       4 | d^2/d_{gamma_k}d{theta_k}
         |                 ^
  checkRd: (-1) gammatheta.Rd:7: Lost braces; missing escapes or markup?
       7 | Calculates the Information matrix term of I_{eta gamma} for outcome k.
         |                                             ^
  checkRd: (-1) gammatheta_off.Rd:4: Lost braces; missing escapes or markup?
       4 | d^2/d_{gamma_l}d{theta_m}
         |       ^
  checkRd: (-1) gammatheta_off.Rd:4: Lost braces
       4 | d^2/d_{gamma_l}d{theta_m}
         |                 ^
  checkRd: (-1) gammatheta_off.Rd:7: Lost braces; missing escapes or markup?
       7 | Calculates the Information matrix term of I_{eta gamma} for outcomes l and m
         |                                             ^
  checkRd: (-1) haz_left.Rd:4: Lost braces; missing escapes or markup?
       4 | H_{ik}(L_{ik})
         |   ^
  checkRd: (-1) haz_left.Rd:4: Lost braces; missing escapes or markup?
       4 | H_{ik}(L_{ik})
         |          ^
  checkRd: (-1) haz_right.Rd:4: Lost braces; missing escapes or markup?
       4 | H_{ik}(R_{ik})
         |   ^
  checkRd: (-1) haz_right.Rd:4: Lost braces; missing escapes or markup?
       4 | H_{ik}(R_{ik})
         |          ^
  checkRd: (-1) sd_off.Rd:4: Lost braces; missing escapes or markup?
       4 | d^2/d_{theta_k}d{sigma^2}
         |       ^
  checkRd: (-1) sd_off.Rd:4: Lost braces
       4 | d^2/d_{theta_k}d{sigma^2}
         |                 ^
  checkRd: (-1) sd_off.Rd:7: Lost braces; missing escapes or markup?
       7 | Calculates the Information matrix term of I_{theta sigma^2} for outcomes l and m.
         |                                             ^
  checkRd: (-1) sd_on.Rd:4: Lost braces
       4 | d^2/d{sigma^2}^2
         |      ^
  checkRd: (-1) sd_on.Rd:7: Lost braces; missing escapes or markup?
       7 | Calculates the Information matrix term of I_{sigma^2 sigma^2} for outcome l.
         |                                             ^
  checkRd: (-1) simico_out.Rd:17: Lost braces; missing escapes or markup?
      17 |   \item{Itt}{I_{theta theta} - Information matrix of theta.}
         |                ^
  checkRd: (-1) ss_fd.Rd:4: Lost braces; missing escapes or markup?
       4 | d/d_{sigma^2}
         |     ^
  checkRd: (-1) ss_sd.Rd:4: Lost braces; missing escapes or markup?
       4 | d^2/d_{sigma^2}^2
         |       ^
  checkRd: (-1) st_off.Rd:4: Lost braces; missing escapes or markup?
       4 | d^2/d_{theta_l}d{sigma^2}
         |       ^
  checkRd: (-1) st_off.Rd:4: Lost braces
       4 | d^2/d_{theta_l}d{sigma^2}
         |                 ^
  checkRd: (-1) st_off.Rd:7: Lost braces; missing escapes or markup?
       7 | Calculates the Information matrix term of I_{eta theta} for one outcome of interest l.
         |                                             ^
  checkRd: (-1) surv_diff.Rd:4: Lost braces; missing escapes or markup?
       4 | S_{ik}(L_{ik}) - S_{ik}(R_{ik})
         |   ^
  checkRd: (-1) surv_diff.Rd:4: Lost braces; missing escapes or markup?
       4 | S_{ik}(L_{ik}) - S_{ik}(R_{ik})
         |          ^
  checkRd: (-1) surv_diff.Rd:4: Lost braces; missing escapes or markup?
       4 | S_{ik}(L_{ik}) - S_{ik}(R_{ik})
         |                    ^
  checkRd: (-1) surv_diff.Rd:4: Lost braces; missing escapes or markup?
       4 | S_{ik}(L_{ik}) - S_{ik}(R_{ik})
         |                           ^
  checkRd: (-1) surv_left.Rd:4: Lost braces; missing escapes or markup?
       4 | S_{ik}(L_{ik})
         |   ^
  checkRd: (-1) surv_left.Rd:4: Lost braces; missing escapes or markup?
       4 | S_{ik}(L_{ik})
         |          ^
  checkRd: (-1) surv_right.Rd:4: Lost braces; missing escapes or markup?
       4 | S_{ik}(R_{ik})
         |   ^
  checkRd: (-1) surv_right.Rd:4: Lost braces; missing escapes or markup?
       4 | S_{ik}(R_{ik})
         |          ^
Flavors: r-devel-linux-x86_64-debian-clang, r-devel-linux-x86_64-debian-gcc, r-devel-linux-x86_64-fedora-clang, r-devel-linux-x86_64-fedora-gcc, r-devel-windows-x86_64, r-patched-linux-x86_64, r-release-linux-x86_64, r-release-macos-arm64, r-release-macos-x86_64, r-release-windows-x86_64, r-oldrel-macos-arm64, r-oldrel-macos-x86_64, r-oldrel-windows-x86_64