Last updated on 2025-05-02 03:51:22 CEST.
Flavor | Version | Tinstall | Tcheck | Ttotal | Status | Flags |
---|---|---|---|---|---|---|
r-devel-linux-x86_64-debian-clang | 0.1-5 | 2.06 | 32.84 | 34.90 | NOTE | |
r-devel-linux-x86_64-debian-gcc | 0.1-5 | 1.57 | 25.72 | 27.29 | NOTE | |
r-devel-linux-x86_64-fedora-clang | 0.1-5 | 53.09 | OK | |||
r-devel-linux-x86_64-fedora-gcc | 0.1-5 | 64.85 | OK | |||
r-devel-windows-x86_64 | 0.1-5 | 3.00 | 69.00 | 72.00 | OK | |
r-patched-linux-x86_64 | 0.1-5 | 2.72 | 30.85 | 33.57 | OK | |
r-release-linux-x86_64 | OK | |||||
r-release-macos-arm64 | 0.1-5 | 52.00 | OK | |||
r-release-macos-x86_64 | 0.1-5 | 50.00 | OK | |||
r-release-windows-x86_64 | 0.1-5 | 4.00 | 69.00 | 73.00 | OK | |
r-oldrel-macos-arm64 | 0.1-5 | 26.00 | OK | |||
r-oldrel-macos-x86_64 | 0.1-5 | 42.00 | OK | |||
r-oldrel-windows-x86_64 | 0.1-5 | 4.00 | 72.00 | 76.00 | OK |
Version: 0.1-5
Check: CRAN incoming feasibility
Result: NOTE
Maintainer: ‘Tobias Verbeke <tobias.verbeke@openanalytics.eu>’
No Authors@R field in DESCRIPTION.
Please add one, modifying
Authors@R: person(given = "Tobias",
family = "Verbeke",
role = c("aut", "cre"),
email = "tobias.verbeke@openanalytics.eu")
as necessary.
Flavors: r-devel-linux-x86_64-debian-clang, r-devel-linux-x86_64-debian-gcc