Last updated on 2025-04-29 03:52:18 CEST.
Flavor | Version | Tinstall | Tcheck | Ttotal | Status | Flags |
---|---|---|---|---|---|---|
r-devel-linux-x86_64-debian-clang | 1.0.0 | 5.28 | 39.09 | 44.37 | OK | |
r-devel-linux-x86_64-debian-gcc | 1.0.0 | 3.62 | 32.79 | 36.41 | NOTE | |
r-devel-linux-x86_64-fedora-clang | 1.0.0 | 70.08 | NOTE | |||
r-devel-linux-x86_64-fedora-gcc | 1.0.0 | 66.22 | NOTE | |||
r-devel-windows-x86_64 | 1.0.0 | 7.00 | 59.00 | 66.00 | OK | |
r-patched-linux-x86_64 | 1.0.0 | 4.22 | 42.02 | 46.24 | OK | |
r-release-linux-x86_64 | 1.0.0 | 5.03 | 42.07 | 47.10 | OK | |
r-release-macos-arm64 | 1.0.0 | 21.00 | OK | |||
r-release-macos-x86_64 | 1.0.0 | 43.00 | OK | |||
r-release-windows-x86_64 | 1.0.0 | 8.00 | 57.00 | 65.00 | OK | |
r-oldrel-macos-arm64 | 1.0.0 | 23.00 | OK | |||
r-oldrel-macos-x86_64 | 1.0.0 | 37.00 | OK | |||
r-oldrel-windows-x86_64 | 1.0.0 | 9.00 | 71.00 | 80.00 | OK |
Version: 1.0.0
Check: CRAN incoming feasibility
Result: NOTE
Maintainer: ‘Brad Cable <brad@bcable.net>’
No Authors@R field in DESCRIPTION.
Please add one, modifying
Authors@R: person(given = "Brad",
family = "Cable",
role = c("aut", "cre"),
email = "brad@bcable.net")
as necessary.
Flavor: r-devel-linux-x86_64-debian-gcc
Version: 1.0.0
Check: dependencies in R code
Result: NOTE
Namespace in Imports field not imported from: ‘utils’
All declared Imports should be used.
Flavors: r-devel-linux-x86_64-fedora-clang, r-devel-linux-x86_64-fedora-gcc