Last updated on 2025-05-02 03:51:21 CEST.
Flavor | Version | Tinstall | Tcheck | Ttotal | Status | Flags |
---|---|---|---|---|---|---|
r-devel-linux-x86_64-debian-clang | 0.1-6 | 2.39 | 31.26 | 33.65 | NOTE | |
r-devel-linux-x86_64-debian-gcc | 0.1-8 | 1.91 | 21.07 | 22.98 | OK | |
r-devel-linux-x86_64-fedora-clang | 0.1-8 | 47.79 | OK | |||
r-devel-linux-x86_64-fedora-gcc | 0.1-8 | 49.15 | OK | |||
r-devel-windows-x86_64 | 0.1-8 | 5.00 | 60.00 | 65.00 | OK | |
r-patched-linux-x86_64 | 0.1-6 | 2.43 | 30.53 | 32.96 | OK | |
r-release-linux-x86_64 | OK | |||||
r-release-macos-arm64 | 0.1-8 | 19.00 | OK | |||
r-release-macos-x86_64 | 0.1-8 | 36.00 | OK | |||
r-release-windows-x86_64 | 0.1-8 | 6.00 | 64.00 | 70.00 | OK | |
r-oldrel-macos-arm64 | 0.1-8 | 27.00 | OK | |||
r-oldrel-macos-x86_64 | 0.1-8 | 41.00 | OK | |||
r-oldrel-windows-x86_64 | 0.1-6 | 3.00 | 49.00 | 52.00 | OK |
Version: 0.1-6
Check: CRAN incoming feasibility
Result: NOTE
Maintainer: ‘Marcelino de la Cruz <marcelino.delacruz@urjc.es>’
No Authors@R field in DESCRIPTION.
Please add one, modifying
Authors@R: person(given = "Marcelino",
family = "de la Cruz",
role = c("aut", "cre"),
email = "marcelino.delacruz@urjc.es")
as necessary.
File 'R/Rramas-internal.R' sets .Random.seed.
This is usually neither needed nor wanted.
Flavor: r-devel-linux-x86_64-debian-clang
Version: 0.1-6
Check: examples
Result: NOTE
Examples with CPU (user + system) or elapsed time > 5s
user system elapsed
decline 6.914 0.032 8.139
Flavor: r-devel-linux-x86_64-debian-clang