Last updated on 2025-11-23 03:48:56 CET.
| Flavor | Version | Tinstall | Tcheck | Ttotal | Status | Flags |
|---|---|---|---|---|---|---|
| r-devel-linux-x86_64-debian-clang | 0.7-3.3 | 6.73 | 42.95 | 49.68 | OK | |
| r-devel-linux-x86_64-debian-gcc | 0.7-3.3 | 5.88 | 34.52 | 40.40 | OK | |
| r-devel-linux-x86_64-fedora-clang | 0.7-3.3 | 19.00 | 60.61 | 79.61 | OK | |
| r-devel-windows-x86_64 | 0.7-3.3 | 109.00 | 63.00 | 172.00 | OK | |
| r-patched-linux-x86_64 | 0.7-3.3 | 7.58 | 38.51 | 46.09 | OK | |
| r-release-linux-x86_64 | 0.7-3.3 | 6.00 | 38.77 | 44.77 | OK | |
| r-release-macos-arm64 | 0.7-3.3 | 2.00 | 15.00 | 17.00 | ERROR | |
| r-release-macos-x86_64 | 0.7-3.3 | 22.00 | 44.00 | 66.00 | ERROR | |
| r-release-windows-x86_64 | 0.7-3.3 | 82.00 | 58.00 | 140.00 | OK | |
| r-oldrel-macos-arm64 | 0.7-3.3 | 5.00 | 15.00 | 20.00 | ERROR | |
| r-oldrel-macos-x86_64 | 0.7-3.3 | 21.00 | 36.00 | 57.00 | ERROR | |
| r-oldrel-windows-x86_64 | 0.7-3.3 | 86.00 | 67.00 | 153.00 | OK |
Version: 0.7-3.3
Check: whether package can be installed
Result: ERROR
Installation failed.
Flavors: r-release-macos-arm64, r-release-macos-x86_64, r-oldrel-macos-arm64, r-oldrel-macos-x86_64