Last updated on 2025-05-05 03:50:32 CEST.
Flavor | Version | Tinstall | Tcheck | Ttotal | Status | Flags |
---|---|---|---|---|---|---|
r-devel-linux-x86_64-debian-clang | 0.2.0 | 6.37 | 67.23 | 73.60 | NOTE | |
r-devel-linux-x86_64-debian-gcc | 0.2.0 | 3.97 | 45.41 | 49.38 | NOTE | |
r-devel-linux-x86_64-fedora-clang | 0.2.0 | 115.42 | NOTE | |||
r-devel-linux-x86_64-fedora-gcc | 0.2.0 | 128.39 | NOTE | |||
r-devel-windows-x86_64 | 0.2.0 | 8.00 | 78.00 | 86.00 | NOTE | |
r-patched-linux-x86_64 | 0.2.0 | 6.63 | 61.53 | 68.16 | NOTE | |
r-release-linux-x86_64 | 0.2.0 | 5.89 | 61.37 | 67.26 | NOTE | |
r-release-macos-arm64 | 0.2.0 | 40.00 | NOTE | |||
r-release-macos-x86_64 | 0.2.0 | 81.00 | NOTE | |||
r-release-windows-x86_64 | 0.2.0 | 7.00 | 77.00 | 84.00 | NOTE | |
r-oldrel-macos-arm64 | 0.2.0 | 39.00 | OK | |||
r-oldrel-macos-x86_64 | 0.2.0 | 92.00 | OK | |||
r-oldrel-windows-x86_64 | 0.2.0 | 10.00 | 98.00 | 108.00 | OK |
Version: 0.2.0
Check: DESCRIPTION meta-information
Result: NOTE
Missing dependency on R >= 4.1.0 because package code uses the pipe
|> or function shorthand \(...) syntax added in R 4.1.0.
File(s) using such syntax:
‘15_SCORE2-Diabetes_func.R’
Flavors: r-devel-linux-x86_64-debian-clang, r-devel-linux-x86_64-debian-gcc, r-devel-linux-x86_64-fedora-clang, r-devel-linux-x86_64-fedora-gcc, r-devel-windows-x86_64, r-patched-linux-x86_64, r-release-linux-x86_64, r-release-macos-arm64, r-release-macos-x86_64, r-release-windows-x86_64