Last updated on 2025-11-04 03:51:05 CET.
| Flavor | Version | Tinstall | Tcheck | Ttotal | Status | Flags | 
|---|---|---|---|---|---|---|
| r-devel-linux-x86_64-debian-clang | 0.1.6 | 240.29 | 214.39 | 454.68 | OK | |
| r-devel-linux-x86_64-debian-gcc | 0.1.6 | 154.38 | 153.82 | 308.20 | OK | |
| r-devel-linux-x86_64-fedora-clang | 0.1.6 | 1200.00 | -330.57 | 869.43 | OK | |
| r-devel-linux-x86_64-fedora-gcc | 0.1.6 | 312.00 | 464.01 | 776.01 | OK | |
| r-devel-windows-x86_64 | 0.1.6 | 258.00 | 243.00 | 501.00 | OK | |
| r-patched-linux-x86_64 | 0.1.6 | 227.69 | 201.29 | 428.98 | OK | |
| r-release-linux-x86_64 | 0.1.6 | 234.35 | 199.83 | 434.18 | OK | |
| r-release-macos-arm64 | 0.1.6 | 84.00 | 50.00 | 134.00 | OK | |
| r-release-macos-x86_64 | 0.1.6 | 119.00 | 144.00 | 263.00 | OK | |
| r-release-windows-x86_64 | 0.1.6 | 259.00 | 235.00 | 494.00 | OK | |
| r-oldrel-macos-arm64 | 0.1.6 | 80.00 | 58.00 | 138.00 | NOTE | |
| r-oldrel-macos-x86_64 | 0.1.6 | 141.00 | 214.00 | 355.00 | NOTE | |
| r-oldrel-windows-x86_64 | 0.1.6 | 314.00 | 319.00 | 633.00 | OK | 
Version: 0.1.6
Check: installed package size
Result: NOTE
    installed size is 18.8Mb
    sub-directories of 1Mb or more:
      data   1.6Mb
      libs  16.5Mb
Flavors: r-oldrel-macos-arm64, r-oldrel-macos-x86_64