Last updated on 2025-05-03 03:52:09 CEST.
Flavor | Version | Tinstall | Tcheck | Ttotal | Status | Flags |
---|---|---|---|---|---|---|
r-devel-linux-x86_64-debian-clang | 2.1.8 | 10.57 | 110.19 | 120.76 | NOTE | |
r-devel-linux-x86_64-debian-gcc | 2.1.8 | 7.61 | 80.76 | 88.37 | NOTE | |
r-devel-linux-x86_64-fedora-clang | 2.1.8 | 181.66 | OK | |||
r-devel-linux-x86_64-fedora-gcc | 2.1.8 | 188.24 | OK | |||
r-devel-windows-x86_64 | 2.1.8 | 13.00 | 115.00 | 128.00 | OK | |
r-patched-linux-x86_64 | 2.1.8 | 11.37 | 103.22 | 114.59 | OK | |
r-release-linux-x86_64 | OK | |||||
r-release-macos-arm64 | 2.1.8 | 64.00 | OK | |||
r-release-macos-x86_64 | 2.1.8 | 117.00 | OK | |||
r-release-windows-x86_64 | 2.1.8 | 13.00 | 114.00 | 127.00 | OK | |
r-oldrel-macos-arm64 | 2.1.8 | 52.00 | OK | |||
r-oldrel-macos-x86_64 | 2.1.8 | 85.00 | OK | |||
r-oldrel-windows-x86_64 | 2.1.8 | 16.00 | 142.00 | 158.00 | OK |
Version: 2.1.8
Check: CRAN incoming feasibility
Result: NOTE
Maintainer: ‘Shangzhi Hong <shangzhi-hong@hotmail.com>’
The Description field contains
<arXiv:2004.14823>.
Please refer to arXiv e-prints via their arXiv DOI <doi:10.48550/arXiv.YYMM.NNNNN>.
Flavors: r-devel-linux-x86_64-debian-clang, r-devel-linux-x86_64-debian-gcc