Last updated on 2025-05-17 03:49:17 CEST.
Flavor | Version | Tinstall | Tcheck | Ttotal | Status | Flags |
---|---|---|---|---|---|---|
r-devel-linux-x86_64-debian-clang | 0.2.1 | 2.03 | 22.07 | 24.10 | OK | |
r-devel-linux-x86_64-debian-gcc | 0.2.1 | 1.48 | 17.64 | 19.12 | OK | |
r-devel-linux-x86_64-fedora-clang | 0.2.1 | 37.47 | OK | |||
r-devel-linux-x86_64-fedora-gcc | 0.2.1 | 58.62 | OK | |||
r-devel-windows-x86_64 | 0.2.1 | 3.00 | 48.00 | 51.00 | OK | |
r-patched-linux-x86_64 | 0.2.1 | 2.08 | 21.13 | 23.21 | OK | |
r-release-linux-x86_64 | 0.2.1 | 1.83 | 20.75 | 22.58 | OK | |
r-release-macos-arm64 | 0.2.1 | 30.00 | OK | |||
r-release-macos-x86_64 | 0.2.1 | 84.00 | OK | |||
r-release-windows-x86_64 | 0.2.1 | 4.00 | 46.00 | 50.00 | OK | |
r-oldrel-macos-arm64 | 0.2.1 | 29.00 | NOTE | |||
r-oldrel-macos-x86_64 | 0.2.1 | 56.00 | NOTE | |||
r-oldrel-windows-x86_64 | 0.2.1 | 3.00 | 51.00 | 54.00 | NOTE |
Version: 0.2.1
Check: LazyData
Result: NOTE
'LazyData' is specified without a 'data' directory
Flavors: r-oldrel-macos-arm64, r-oldrel-macos-x86_64, r-oldrel-windows-x86_64