Last updated on 2025-05-05 03:50:32 CEST.
Flavor | Version | Tinstall | Tcheck | Ttotal | Status | Flags |
---|---|---|---|---|---|---|
r-devel-linux-x86_64-debian-clang | 1.2.0 | 8.63 | 75.69 | 84.32 | NOTE | |
r-devel-linux-x86_64-debian-gcc | 1.2.0 | 6.53 | 54.91 | 61.44 | NOTE | |
r-devel-linux-x86_64-fedora-clang | 1.2.0 | 127.05 | OK | |||
r-devel-linux-x86_64-fedora-gcc | 1.2.0 | 121.80 | OK | |||
r-devel-windows-x86_64 | 1.2.0 | 11.00 | 77.00 | 88.00 | OK | |
r-patched-linux-x86_64 | 1.2.0 | 8.20 | 69.45 | 77.65 | OK | |
r-release-linux-x86_64 | 1.2.0 | 8.76 | 69.22 | 77.98 | OK | |
r-release-macos-arm64 | 1.2.0 | 38.00 | OK | |||
r-release-macos-x86_64 | 1.2.0 | 63.00 | OK | |||
r-release-windows-x86_64 | 1.2.0 | 10.00 | 80.00 | 90.00 | OK | |
r-oldrel-macos-arm64 | 1.2.0 | 35.00 | OK | |||
r-oldrel-macos-x86_64 | 1.2.0 | 52.00 | OK | |||
r-oldrel-windows-x86_64 | 1.2.0 | 12.00 | 98.00 | 110.00 | OK |
Version: 1.2.0
Check: CRAN incoming feasibility
Result: NOTE
Maintainer: ‘Maya B. Mathur <mmathur@stanford.edu>’
No Authors@R field in DESCRIPTION.
Please add one, modifying
Authors@R: c(person(given = c("Maya", "B."),
family = "Mathur",
role = c("aut", "cre"),
email = "mmathur@stanford.edu"),
person(given = c("Tyler", "J."),
family = "VanderWeele",
role = "aut"))
as necessary.
Flavors: r-devel-linux-x86_64-debian-clang, r-devel-linux-x86_64-debian-gcc