Last updated on 2025-05-02 03:51:20 CEST.
Flavor | Version | Tinstall | Tcheck | Ttotal | Status | Flags |
---|---|---|---|---|---|---|
r-devel-linux-x86_64-debian-clang | 3.1-4 | 11.72 | 91.02 | 102.74 | NOTE | |
r-devel-linux-x86_64-debian-gcc | 3.1-4 | 8.31 | 59.88 | 68.19 | NOTE | |
r-devel-linux-x86_64-fedora-clang | 3.1-4 | 159.76 | OK | |||
r-devel-linux-x86_64-fedora-gcc | 3.1-4 | 153.88 | OK | |||
r-devel-windows-x86_64 | 3.1-4 | 13.00 | 117.00 | 130.00 | NOTE | |
r-patched-linux-x86_64 | 3.1-4 | 14.10 | 85.64 | 99.74 | NOTE | |
r-release-linux-x86_64 | NOTE | |||||
r-release-macos-arm64 | 3.1-4 | 39.00 | OK | |||
r-release-macos-x86_64 | 3.1-4 | 83.00 | OK | |||
r-release-windows-x86_64 | 3.1-4 | 15.00 | 129.00 | 144.00 | NOTE | |
r-oldrel-macos-arm64 | 3.1-4 | 38.00 | OK | |||
r-oldrel-macos-x86_64 | 3.1-4 | 62.00 | OK | |||
r-oldrel-windows-x86_64 | 3.1-4 | 18.00 | 136.00 | 154.00 | OK |
Version: 3.1-4
Check: CRAN incoming feasibility
Result: NOTE
Maintainer: ‘Yann Richet <yann.richet@irsn.fr>’
No Authors@R field in DESCRIPTION.
Please add one, modifying
Authors@R: c(person(given = "Yves",
family = "Deville",
role = "aut",
email = "deville.yves@alpestat.com"),
person(given = "Lise",
family = "Bardet",
role = "aut",
email = "lise.bardet@irsn.fr"),
person(given = "Yann",
family = "Richet",
role = "cre",
email = "yann.richet@irsn.fr"))
as necessary.
Flavors: r-devel-linux-x86_64-debian-clang, r-devel-linux-x86_64-debian-gcc
Version: 3.1-4
Check: Rd cross-references
Result: NOTE
Found the following Rd file(s) with Rd \link{} targets missing package
anchors:
NBlevy.Rd: glm.nb
Please provide package anchors for all Rd \link{} targets not in the
package itself and the base packages.
Flavors: r-devel-linux-x86_64-debian-clang, r-devel-linux-x86_64-debian-gcc, r-devel-windows-x86_64, r-patched-linux-x86_64, r-release-linux-x86_64, r-release-windows-x86_64