Last updated on 2025-07-20 03:49:41 CEST.
Flavor | Version | Tinstall | Tcheck | Ttotal | Status | Flags |
---|---|---|---|---|---|---|
r-devel-linux-x86_64-debian-clang | 0.4-12.4 | 18.71 | 169.30 | 188.01 | NOTE | |
r-devel-linux-x86_64-debian-gcc | 0.4-12.4 | 13.21 | 121.97 | 135.18 | NOTE | |
r-devel-linux-x86_64-fedora-clang | 0.4-12.4 | 309.20 | OK | |||
r-devel-linux-x86_64-fedora-gcc | 0.4-12.4 | 291.54 | OK | |||
r-devel-windows-x86_64 | 0.4-12.4 | 24.00 | 303.00 | 327.00 | NOTE | |
r-patched-linux-x86_64 | 0.4-12.4 | 20.49 | 158.73 | 179.22 | NOTE | |
r-release-linux-x86_64 | 0.4-12.4 | 18.66 | 158.17 | 176.83 | NOTE | |
r-release-macos-arm64 | 0.4-12.4 | 144.00 | OK | |||
r-release-macos-x86_64 | 0.4-12.4 | 176.00 | OK | |||
r-release-windows-x86_64 | 0.4-12.4 | 23.00 | 299.00 | 322.00 | NOTE | |
r-oldrel-macos-arm64 | 0.4-12.4 | 86.00 | OK | |||
r-oldrel-macos-x86_64 | 0.4-12.4 | 217.00 | OK | |||
r-oldrel-windows-x86_64 | 0.4-12.4 | 30.00 | 284.00 | 314.00 | OK |
Version: 0.4-12.4
Check: Rd cross-references
Result: NOTE
Found the following Rd file(s) with Rd \link{} targets missing package
anchors:
RecLinkData.object.rd: bincombinations
trainSupv.Rd: rpart
Please provide package anchors for all Rd \link{} targets not in the
package itself and the base packages.
Flavors: r-devel-linux-x86_64-debian-clang, r-devel-linux-x86_64-debian-gcc, r-devel-windows-x86_64, r-patched-linux-x86_64, r-release-linux-x86_64, r-release-windows-x86_64