Last updated on 2025-07-20 03:49:41 CEST.
Flavor | Version | Tinstall | Tcheck | Ttotal | Status | Flags |
---|---|---|---|---|---|---|
r-devel-linux-x86_64-debian-clang | 1.1.2 | 195.54 | 217.92 | 413.46 | NOTE | |
r-devel-linux-x86_64-debian-gcc | 1.1.2 | 146.51 | 153.75 | 300.26 | NOTE | |
r-devel-linux-x86_64-fedora-clang | 1.1.2 | 769.80 | NOTE | |||
r-devel-linux-x86_64-fedora-gcc | 1.1.2 | 710.97 | NOTE | |||
r-devel-windows-x86_64 | 1.1.2 | 209.00 | 282.00 | 491.00 | NOTE | |
r-patched-linux-x86_64 | 1.1.2 | 201.82 | 208.21 | 410.03 | NOTE | |
r-release-linux-x86_64 | 1.1.2 | 199.41 | 210.49 | 409.90 | NOTE | |
r-release-macos-arm64 | 1.1.2 | 156.00 | NOTE | |||
r-release-macos-x86_64 | 1.1.2 | 236.00 | NOTE | |||
r-release-windows-x86_64 | 1.1.2 | 198.00 | 279.00 | 477.00 | NOTE | |
r-oldrel-macos-arm64 | 1.1.2 | 142.00 | NOTE | |||
r-oldrel-macos-x86_64 | 1.1.2 | 197.00 | NOTE | |||
r-oldrel-windows-x86_64 | 1.1.2 | 255.00 | 359.00 | 614.00 | NOTE |
Version: 1.1.2
Check: C++ specification
Result: NOTE
Specified C++11: please drop specification unless essential
Flavors: r-devel-linux-x86_64-debian-clang, r-devel-linux-x86_64-debian-gcc, r-devel-linux-x86_64-fedora-clang, r-devel-linux-x86_64-fedora-gcc, r-devel-windows-x86_64, r-patched-linux-x86_64, r-release-linux-x86_64, r-release-macos-arm64, r-release-macos-x86_64, r-release-windows-x86_64, r-oldrel-macos-arm64, r-oldrel-macos-x86_64, r-oldrel-windows-x86_64
Version: 1.1.2
Check: Rd files
Result: NOTE
checkRd: (-1) linear_RNDPROJ.Rd:45: Lost braces; missing escapes or markup?
45 | there is a linear map \eqn{f:R^N} to {R^n} such that
| ^
Flavors: r-devel-linux-x86_64-debian-clang, r-devel-linux-x86_64-debian-gcc, r-devel-linux-x86_64-fedora-clang, r-devel-linux-x86_64-fedora-gcc, r-devel-windows-x86_64, r-patched-linux-x86_64, r-release-linux-x86_64, r-release-macos-arm64, r-release-macos-x86_64, r-release-windows-x86_64, r-oldrel-macos-arm64, r-oldrel-macos-x86_64, r-oldrel-windows-x86_64
Version: 1.1.2
Check: installed package size
Result: NOTE
installed size is 19.4Mb
sub-directories of 1Mb or more:
data 1.9Mb
libs 15.7Mb
Flavors: r-oldrel-macos-arm64, r-oldrel-macos-x86_64, r-oldrel-windows-x86_64