Last updated on 2025-05-17 03:49:16 CEST.
Flavor | Version | Tinstall | Tcheck | Ttotal | Status | Flags |
---|---|---|---|---|---|---|
r-devel-linux-x86_64-debian-clang | 0.0.4 | 36.83 | 24.62 | 61.45 | OK | |
r-devel-linux-x86_64-debian-gcc | 0.0.4 | 28.73 | 21.22 | 49.95 | OK | |
r-devel-linux-x86_64-fedora-clang | 0.0.4 | 108.86 | OK | |||
r-devel-linux-x86_64-fedora-gcc | 0.0.4 | 127.94 | OK | |||
r-devel-windows-x86_64 | 0.0.4 | 43.00 | 95.00 | 138.00 | OK | |
r-patched-linux-x86_64 | 0.0.4 | 40.37 | 24.07 | 64.44 | OK | |
r-release-linux-x86_64 | 0.0.4 | 36.39 | 24.51 | 60.90 | OK | |
r-release-macos-arm64 | 0.0.4 | 32.00 | OK | |||
r-release-macos-x86_64 | 0.0.4 | 60.00 | OK | |||
r-release-windows-x86_64 | 0.0.4 | 43.00 | 76.00 | 119.00 | OK | |
r-oldrel-macos-arm64 | 0.0.4 | 31.00 | NOTE | |||
r-oldrel-macos-x86_64 | 0.0.4 | 48.00 | NOTE | |||
r-oldrel-windows-x86_64 | 0.0.4 | 50.00 | 79.00 | 129.00 | OK |
Version: 0.0.4
Check: installed package size
Result: NOTE
installed size is 8.5Mb
sub-directories of 1Mb or more:
libs 8.1Mb
Flavors: r-oldrel-macos-arm64, r-oldrel-macos-x86_64