Last updated on 2025-10-31 02:50:40 CET.
| Flavor | Version | Tinstall | Tcheck | Ttotal | Status | Flags | 
|---|---|---|---|---|---|---|
| r-devel-linux-x86_64-debian-clang | 1.1-51 | 23.28 | 182.13 | 205.41 | NOTE | |
| r-devel-linux-x86_64-debian-gcc | 1.1-51 | 19.68 | 132.19 | 151.87 | NOTE | |
| r-devel-linux-x86_64-fedora-clang | 1.1-51 | 123.00 | 227.32 | 350.32 | OK | |
| r-devel-linux-x86_64-fedora-gcc | 1.1-51 | 62.00 | 251.72 | 313.72 | OK | |
| r-devel-windows-x86_64 | 1.1-51 | 37.00 | 291.00 | 328.00 | OK | |
| r-patched-linux-x86_64 | 1.1-51 | 22.81 | 176.06 | 198.87 | OK | |
| r-release-linux-x86_64 | 1.1-51 | 25.32 | 175.74 | 201.06 | OK | |
| r-release-macos-arm64 | 1.1-51 | 13.00 | 92.00 | 105.00 | OK | |
| r-release-macos-x86_64 | 1.1-51 | 36.00 | 189.00 | 225.00 | OK | |
| r-release-windows-x86_64 | 1.1-51 | 31.00 | 234.00 | 265.00 | OK | |
| r-oldrel-macos-arm64 | 1.1-51 | 14.00 | 86.00 | 100.00 | OK | |
| r-oldrel-macos-x86_64 | 1.1-51 | 17.00 | 112.00 | 129.00 | OK | |
| r-oldrel-windows-x86_64 | 1.1-51 | 35.00 | 226.00 | 261.00 | OK | 
Version: 1.1-51
Check: CRAN incoming feasibility
Result: NOTE
  Maintainer: ‘Richard M. Heiberger <rmh@temple.edu>’
  
  No Authors@R field in DESCRIPTION.
  Please add one, modifying
    Authors@R: c(person(given = c("Richard", "M."),
                        family = "Heiberger",
                        role = c("aut", "cre"),
                        email = "rmh@temple.edu"),
                 person(given = c("with", "contributions", "from", "Burt"),
                        family = "Holland",
                        role = "aut"))
  as necessary.
Flavors: r-devel-linux-x86_64-debian-clang, r-devel-linux-x86_64-debian-gcc