CRAN Package Check Results for Package Rankcluster

Last updated on 2025-07-20 03:49:41 CEST.

Flavor Version Tinstall Tcheck Ttotal Status Flags
r-devel-linux-x86_64-debian-clang 0.98.0 50.86 58.35 109.21 NOTE
r-devel-linux-x86_64-debian-gcc 0.98.0 34.85 45.28 80.13 NOTE
r-devel-linux-x86_64-fedora-clang 0.98.0 185.56 OK
r-devel-linux-x86_64-fedora-gcc 0.98.0 197.93 OK
r-devel-windows-x86_64 0.98.0 56.00 134.00 190.00 OK
r-patched-linux-x86_64 0.98.0 50.60 58.82 109.42 OK
r-release-linux-x86_64 0.98.0 48.74 58.22 106.96 OK
r-release-macos-arm64 0.98.0 72.00 OK
r-release-macos-x86_64 0.98.0 131.00 OK
r-release-windows-x86_64 0.98.0 54.00 148.00 202.00 OK
r-oldrel-macos-arm64 0.98.0 57.00 NOTE
r-oldrel-macos-x86_64 0.98.0 98.00 NOTE
r-oldrel-windows-x86_64 0.98.0 66.00 157.00 223.00 OK

Check Details

Version: 0.98.0
Check: CRAN incoming feasibility
Result: NOTE Maintainer: ‘Quentin Grimonprez <quentingrim@yahoo.fr>’ Package CITATION file contains call(s) to old-style citEntry(). Please use bibentry() instead. Flavors: r-devel-linux-x86_64-debian-clang, r-devel-linux-x86_64-debian-gcc

Version: 0.98.0
Check: installed package size
Result: NOTE installed size is 5.2Mb sub-directories of 1Mb or more: libs 4.5Mb Flavors: r-oldrel-macos-arm64, r-oldrel-macos-x86_64