Last updated on 2025-07-26 03:49:59 CEST.
Flavor | Version | Tinstall | Tcheck | Ttotal | Status | Flags |
---|---|---|---|---|---|---|
r-devel-linux-x86_64-debian-clang | 1.1.9 | 14.06 | 85.31 | 99.37 | OK | |
r-devel-linux-x86_64-debian-gcc | 1.1.9 | 9.95 | 68.24 | 78.19 | OK | |
r-devel-linux-x86_64-fedora-clang | 1.1.9 | 161.55 | OK | |||
r-devel-linux-x86_64-fedora-gcc | 1.1.9 | 167.27 | OK | |||
r-devel-windows-x86_64 | 1.1.9 | 13.00 | 110.00 | 123.00 | OK | |
r-patched-linux-x86_64 | 1.1.9 | 15.64 | 80.48 | 96.12 | OK | |
r-release-linux-x86_64 | 1.1.9 | 14.37 | 79.33 | 93.70 | OK | |
r-release-macos-arm64 | 1.1.9 | 97.00 | OK | |||
r-release-macos-x86_64 | 1.1.9 | 102.00 | OK | |||
r-release-windows-x86_64 | 1.1.9 | 13.00 | 147.00 | 160.00 | OK | |
r-oldrel-macos-arm64 | 1.1.9 | 83.00 | NOTE | |||
r-oldrel-macos-x86_64 | 1.1.9 | 193.00 | NOTE | |||
r-oldrel-windows-x86_64 | 1.1.9 | 18.00 | 118.00 | 136.00 | NOTE |
Version: 1.1.9
Check: installed package size
Result: NOTE
installed size is 5.2Mb
sub-directories of 1Mb or more:
data 2.2Mb
extdata 1.4Mb
Flavors: r-oldrel-macos-arm64, r-oldrel-macos-x86_64, r-oldrel-windows-x86_64