Last updated on 2025-05-01 03:50:02 CEST.
Flavor | Version | Tinstall | Tcheck | Ttotal | Status | Flags |
---|---|---|---|---|---|---|
r-devel-linux-x86_64-debian-clang | 0.0.5 | 43.64 | 406.21 | 449.85 | OK | |
r-devel-linux-x86_64-debian-gcc | 0.0.5 | 33.39 | 289.35 | 322.74 | OK | |
r-devel-linux-x86_64-fedora-clang | 0.0.5 | 744.16 | NOTE | |||
r-devel-linux-x86_64-fedora-gcc | 0.0.5 | 690.93 | NOTE | |||
r-devel-windows-x86_64 | 0.0.5 | 47.00 | 371.00 | 418.00 | OK | |
r-patched-linux-x86_64 | 0.0.5 | 44.09 | 379.86 | 423.95 | OK | |
r-release-linux-x86_64 | 0.0.5 | 43.28 | 382.28 | 425.56 | OK | |
r-release-macos-arm64 | 0.0.5 | 5.00 | ERROR | |||
r-release-macos-x86_64 | 0.0.5 | 6.00 | ERROR | |||
r-release-windows-x86_64 | 0.0.5 | 48.00 | 362.00 | 410.00 | OK | |
r-oldrel-macos-arm64 | 0.0.5 | 130.00 | OK | |||
r-oldrel-macos-x86_64 | 0.0.5 | 274.00 | OK | |||
r-oldrel-windows-x86_64 | 0.0.5 | 61.00 | 469.00 | 530.00 | OK |
Version: 0.0.5
Check: dependencies in R code
Result: NOTE
Namespace in Imports field not imported from: ‘XML’
All declared Imports should be used.
Flavors: r-devel-linux-x86_64-fedora-clang, r-devel-linux-x86_64-fedora-gcc
Version: 0.0.5
Check: package dependencies
Result: ERROR
Packages required but not available: 'GSVAdata', 'org.Hs.eg.db'
See section ‘The DESCRIPTION file’ in the ‘Writing R Extensions’
manual.
Flavor: r-release-macos-arm64
Version: 0.0.5
Check: package dependencies
Result: ERROR
Package required but not available: ‘GSVAdata’
See section ‘The DESCRIPTION file’ in the ‘Writing R Extensions’
manual.
Flavor: r-release-macos-x86_64