CRAN Package Check Results for Package RPEIF

Last updated on 2025-05-02 03:51:21 CEST.

Flavor Version Tinstall Tcheck Ttotal Status Flags
r-devel-linux-x86_64-debian-clang 1.2.4 2.90 33.58 36.48 NOTE
r-devel-linux-x86_64-debian-gcc 1.2.4 2.28 26.42 28.70 NOTE
r-devel-linux-x86_64-fedora-clang 1.2.4 59.69 OK
r-devel-linux-x86_64-fedora-gcc 1.2.4 68.62 OK
r-devel-windows-x86_64 1.2.4 4.00 59.00 63.00 OK
r-patched-linux-x86_64 1.2.4 3.38 31.48 34.86 OK
r-release-linux-x86_64 OK
r-release-macos-arm64 1.2.4 39.00 OK
r-release-macos-x86_64 1.2.4 51.00 OK
r-release-windows-x86_64 1.2.4 4.00 60.00 64.00 OK
r-oldrel-macos-arm64 1.2.4 26.00 OK
r-oldrel-macos-x86_64 1.2.4 43.00 OK
r-oldrel-windows-x86_64 1.2.4 5.00 64.00 69.00 OK

Additional issues

noSuggests

Check Details

Version: 1.2.4
Check: CRAN incoming feasibility
Result: NOTE Maintainer: ‘Anthony Christidis <anthony.christidis@stat.ubc.ca>’ No Authors@R field in DESCRIPTION. Please add one, modifying Authors@R: c(person(given = "Anthony", family = "Christidis", role = c("aut", "cre"), email = "anthony.christidis@stat.ubc.ca"), person(given = "Shengyu", family = "Zhang", role = "aut", email = "syzhang@uw.edu"), person(given = "Douglas", family = "Martin", role = "aut", email = "doug@amath.washington.edu")) as necessary. Flavors: r-devel-linux-x86_64-debian-clang, r-devel-linux-x86_64-debian-gcc