Last updated on 2025-11-22 03:51:04 CET.
| Flavor | Version | Tinstall | Tcheck | Ttotal | Status | Flags |
|---|---|---|---|---|---|---|
| r-devel-linux-x86_64-debian-clang | 1.1.0 | 6.07 | 66.30 | 72.37 | NOTE | |
| r-devel-linux-x86_64-debian-gcc | 1.1.0 | 4.68 | 47.87 | 52.55 | NOTE | |
| r-devel-linux-x86_64-fedora-clang | 1.1.0 | 13.00 | 96.33 | 109.33 | OK | |
| r-devel-windows-x86_64 | 1.1.0 | 10.00 | 85.00 | 95.00 | OK | |
| r-patched-linux-x86_64 | 1.1.0 | 6.87 | 62.23 | 69.10 | OK | |
| r-release-linux-x86_64 | 1.1.0 | 5.35 | 62.01 | 67.36 | OK | |
| r-release-macos-arm64 | 1.1.0 | OK | ||||
| r-release-macos-x86_64 | 1.1.0 | 6.00 | 90.00 | 96.00 | OK | |
| r-release-windows-x86_64 | 1.1.0 | 6.00 | 84.00 | 90.00 | OK | |
| r-oldrel-macos-arm64 | 1.1.0 | OK | ||||
| r-oldrel-macos-x86_64 | 1.1.0 | 4.00 | 76.00 | 80.00 | OK | |
| r-oldrel-windows-x86_64 | 1.1.0 | 10.00 | 106.00 | 116.00 | OK |
Version: 1.1.0
Check: CRAN incoming feasibility
Result: NOTE
Maintainer: ‘Jan Wijffels <jwijffels@bnosac.be>’
Package CITATION file contains call(s) to old-style personList() or
as.personList(). Please use c() on person objects instead.
Package CITATION file contains call(s) to old-style citEntry(). Please
use bibentry() instead.
Flavors: r-devel-linux-x86_64-debian-clang, r-devel-linux-x86_64-debian-gcc