Last updated on 2025-05-15 03:51:49 CEST.
Flavor | Version | Tinstall | Tcheck | Ttotal | Status | Flags |
---|---|---|---|---|---|---|
r-devel-linux-x86_64-debian-clang | 1.0 | 1.66 | 22.48 | 24.14 | OK | |
r-devel-linux-x86_64-debian-gcc | 1.0 | 1.32 | 18.16 | 19.48 | OK | |
r-devel-linux-x86_64-fedora-clang | 1.0 | 38.70 | OK | |||
r-devel-linux-x86_64-fedora-gcc | 1.0 | 52.13 | OK | |||
r-devel-windows-x86_64 | 1.0 | 4.00 | 44.00 | 48.00 | OK | |
r-patched-linux-x86_64 | 1.0 | 1.73 | 21.70 | 23.43 | OK | |
r-release-linux-x86_64 | 1.0 | 1.55 | 21.39 | 22.94 | OK | |
r-release-macos-arm64 | 1.0 | 23.00 | OK | |||
r-release-macos-x86_64 | 1.0 | 52.00 | OK | |||
r-release-windows-x86_64 | 1.0 | 2.00 | 51.00 | 53.00 | OK | |
r-oldrel-macos-arm64 | 1.0 | 20.00 | NOTE | |||
r-oldrel-macos-x86_64 | 1.0 | 37.00 | NOTE | |||
r-oldrel-windows-x86_64 | 1.0 | 3.00 | 49.00 | 52.00 | NOTE |
Version: 1.0
Check: LazyData
Result: NOTE
'LazyData' is specified without a 'data' directory
Flavors: r-oldrel-macos-arm64, r-oldrel-macos-x86_64, r-oldrel-windows-x86_64