CRAN Package Check Results for Package RCCPCA

Last updated on 2025-05-02 03:51:19 CEST.

Flavor Version Tinstall Tcheck Ttotal Status Flags
r-devel-linux-x86_64-debian-clang 0.1.0 1.59 16.72 18.31 NOTE
r-devel-linux-x86_64-debian-gcc 0.1.0 1.29 13.63 14.92 NOTE
r-devel-linux-x86_64-fedora-clang 0.1.0 28.73 OK
r-devel-linux-x86_64-fedora-gcc 0.1.0 27.38 OK
r-devel-windows-x86_64 0.1.0 2.00 36.00 38.00 OK
r-patched-linux-x86_64 0.1.0 1.58 16.12 17.70 OK
r-release-linux-x86_64 OK
r-release-macos-arm64 0.1.0 18.00 OK
r-release-macos-x86_64 0.1.0 24.00 OK
r-release-windows-x86_64 0.1.0 3.00 37.00 40.00 OK
r-oldrel-macos-arm64 0.1.0 13.00 OK
r-oldrel-macos-x86_64 0.1.0 20.00 OK
r-oldrel-windows-x86_64 0.1.0 3.00 36.00 39.00 OK

Check Details

Version: 0.1.0
Check: CRAN incoming feasibility
Result: NOTE Maintainer: ‘Dr. Fayed Alshammri <fayed333@hotmail.com>’ No Authors@R field in DESCRIPTION. Please add one, modifying Authors@R: c(person(given = "Fayed", family = "Alshammri", role = "aut"), person(given = c("Dr.", "Fayed"), family = "Alshammri", role = "cre", email = "fayed333@hotmail.com")) as necessary. Flavors: r-devel-linux-x86_64-debian-clang, r-devel-linux-x86_64-debian-gcc