Last updated on 2025-05-03 03:52:08 CEST.
Flavor | Version | Tinstall | Tcheck | Ttotal | Status | Flags |
---|---|---|---|---|---|---|
r-devel-linux-x86_64-debian-clang | 1.1.0 | 4.26 | 46.18 | 50.44 | OK | |
r-devel-linux-x86_64-debian-gcc | 1.1.0 | 3.47 | 35.41 | 38.88 | OK | |
r-devel-linux-x86_64-fedora-clang | 1.1.0 | 77.75 | OK | |||
r-devel-linux-x86_64-fedora-gcc | 1.1.0 | 90.04 | OK | |||
r-devel-windows-x86_64 | 1.1.0 | 9.00 | 71.00 | 80.00 | OK | |
r-patched-linux-x86_64 | 1.1.0 | 5.42 | 43.69 | 49.11 | OK | |
r-release-linux-x86_64 | OK | |||||
r-release-macos-arm64 | 1.1.0 | 33.00 | OK | |||
r-release-macos-x86_64 | 1.1.0 | 72.00 | OK | |||
r-release-windows-x86_64 | 1.1.0 | 8.00 | 79.00 | 87.00 | OK | |
r-oldrel-macos-arm64 | 1.1.0 | 33.00 | NOTE | |||
r-oldrel-macos-x86_64 | 1.1.0 | 65.00 | NOTE | |||
r-oldrel-windows-x86_64 | 1.1.0 | 10.00 | 80.00 | 90.00 | NOTE |
Version: 1.1.0
Check: LazyData
Result: NOTE
'LazyData' is specified without a 'data' directory
Flavors: r-oldrel-macos-arm64, r-oldrel-macos-x86_64, r-oldrel-windows-x86_64