Last updated on 2025-05-02 03:51:19 CEST.
Flavor | Version | Tinstall | Tcheck | Ttotal | Status | Flags |
---|---|---|---|---|---|---|
r-devel-linux-x86_64-debian-clang | 0.1 | 1.83 | 22.84 | 24.67 | NOTE | |
r-devel-linux-x86_64-debian-gcc | 0.1 | 1.56 | 17.06 | 18.62 | OK | |
r-devel-linux-x86_64-fedora-clang | 0.1 | 38.02 | OK | |||
r-devel-linux-x86_64-fedora-gcc | 0.1 | 39.81 | OK | |||
r-devel-windows-x86_64 | 0.1 | 3.00 | 58.00 | 61.00 | OK | |
r-patched-linux-x86_64 | 0.1 | 2.89 | 21.67 | 24.56 | OK | |
r-release-linux-x86_64 | OK | |||||
r-release-macos-arm64 | 0.1 | 17.00 | OK | |||
r-release-macos-x86_64 | 0.1 | 29.00 | OK | |||
r-release-windows-x86_64 | 0.1 | 4.00 | 57.00 | 61.00 | OK | |
r-oldrel-macos-arm64 | 0.1 | 17.00 | OK | |||
r-oldrel-macos-x86_64 | 0.1 | 29.00 | OK | |||
r-oldrel-windows-x86_64 | 0.1 | 4.00 | 62.00 | 66.00 | OK |
Version: 0.1
Check: examples
Result: NOTE
Examples with CPU (user + system) or elapsed time > 5s
user system elapsed
BCG 3.167 0.16 5.111
Flavor: r-devel-linux-x86_64-debian-clang