Last updated on 2025-05-03 03:52:08 CEST.
Flavor | Version | Tinstall | Tcheck | Ttotal | Status | Flags |
---|---|---|---|---|---|---|
r-devel-linux-x86_64-debian-clang | 0.2 | 4.08 | 33.25 | 37.33 | NOTE | |
r-devel-linux-x86_64-debian-gcc | 0.2 | 2.65 | 25.44 | 28.09 | NOTE | |
r-devel-linux-x86_64-fedora-clang | 0.2 | 58.28 | OK | |||
r-devel-linux-x86_64-fedora-gcc | 0.2 | 53.82 | OK | |||
r-devel-windows-x86_64 | 0.2 | 5.00 | 55.00 | 60.00 | OK | |
r-patched-linux-x86_64 | 0.2 | 4.30 | 31.47 | 35.77 | OK | |
r-release-linux-x86_64 | OK | |||||
r-release-macos-arm64 | 0.2 | 21.00 | OK | |||
r-release-macos-x86_64 | 0.2 | 64.00 | OK | |||
r-release-windows-x86_64 | 0.2 | 6.00 | 55.00 | 61.00 | OK | |
r-oldrel-macos-arm64 | 0.2 | 18.00 | NOTE | |||
r-oldrel-macos-x86_64 | 0.2 | 28.00 | NOTE | |||
r-oldrel-windows-x86_64 | 0.2 | 7.00 | 58.00 | 65.00 | NOTE |
Version: 0.2
Check: CRAN incoming feasibility
Result: NOTE
Maintainer: ‘Robin Van Oirbeek <robin.vanoirbeek@gmail.com>’
No Authors@R field in DESCRIPTION.
Please add one, modifying
Authors@R: person(given = "Robin",
family = "Van Oirbeek",
role = c("aut", "cre"),
email = "robin.vanoirbeek@gmail.com")
as necessary.
Flavors: r-devel-linux-x86_64-debian-clang, r-devel-linux-x86_64-debian-gcc
Version: 0.2
Check: LazyData
Result: NOTE
'LazyData' is specified without a 'data' directory
Flavors: r-oldrel-macos-arm64, r-oldrel-macos-x86_64, r-oldrel-windows-x86_64