CRAN Package Check Results for Package QuantumOps

Last updated on 2025-05-06 03:51:12 CEST.

Flavor Version Tinstall Tcheck Ttotal Status Flags
r-devel-linux-x86_64-debian-clang 3.0.1 5.51 34.69 40.20 NOTE
r-devel-linux-x86_64-debian-gcc 3.0.1 3.12 25.44 28.56 NOTE
r-devel-linux-x86_64-fedora-clang 3.0.1 63.17 OK
r-devel-linux-x86_64-fedora-gcc 3.0.1 59.73 OK
r-devel-windows-x86_64 3.0.1 6.00 63.00 69.00 OK
r-patched-linux-x86_64 3.0.1 5.09 33.36 38.45 OK
r-release-linux-x86_64 3.0.1 4.81 33.62 38.43 OK
r-release-macos-arm64 3.0.1 23.00 OK
r-release-macos-x86_64 3.0.1 37.00 OK
r-release-windows-x86_64 3.0.1 6.00 65.00 71.00 OK
r-oldrel-macos-arm64 3.0.1 23.00 OK
r-oldrel-macos-x86_64 3.0.1 30.00 OK
r-oldrel-windows-x86_64 3.0.1 6.00 64.00 70.00 OK

Check Details

Version: 3.0.1
Check: CRAN incoming feasibility
Result: NOTE Maintainer: ‘Salonik Resch <resc0059@umn.edu>’ No Authors@R field in DESCRIPTION. Please add one, modifying Authors@R: person(given = "Salonik", family = "Resch", role = c("aut", "cre"), email = "resc0059@umn.edu") as necessary. The Description field contains <arXiv:1411.4028>, and a variational quantum classifier (Schuld 2018) <arXiv:1804.00633>. Can be used with the gridsynth algorithm <arXiv:1212.6253> to perform decomposition into the Clifford+T set. Please refer to arXiv e-prints via their arXiv DOI <doi:10.48550/arXiv.YYMM.NNNNN>. Flavors: r-devel-linux-x86_64-debian-clang, r-devel-linux-x86_64-debian-gcc