Last updated on 2025-05-03 03:52:07 CEST.
Flavor | Version | Tinstall | Tcheck | Ttotal | Status | Flags |
---|---|---|---|---|---|---|
r-devel-linux-x86_64-debian-clang | 2023.01.17 | 12.12 | 127.77 | 139.89 | NOTE | |
r-devel-linux-x86_64-debian-gcc | 2023.01.17 | 8.68 | 86.62 | 95.30 | NOTE | |
r-devel-linux-x86_64-fedora-clang | 2023.01.17 | 232.52 | OK | |||
r-devel-linux-x86_64-fedora-gcc | 2023.01.17 | 217.70 | OK | |||
r-devel-windows-x86_64 | 2023.01.17 | 14.00 | 140.00 | 154.00 | NOTE | |
r-patched-linux-x86_64 | 2023.01.17 | 14.30 | 118.07 | 132.37 | NOTE | |
r-release-linux-x86_64 | NOTE | |||||
r-release-macos-arm64 | 2023.01.17 | 72.00 | OK | |||
r-release-macos-x86_64 | 2023.01.17 | 133.00 | OK | |||
r-release-windows-x86_64 | 2023.01.17 | 16.00 | 140.00 | 156.00 | NOTE | |
r-oldrel-macos-arm64 | 2023.01.17 | 54.00 | OK | |||
r-oldrel-macos-x86_64 | 2023.01.17 | 93.00 | OK | |||
r-oldrel-windows-x86_64 | 2023.01.17 | 17.00 | 178.00 | 195.00 | OK |
Version: 2023.01.17
Check: Rd cross-references
Result: NOTE
Found the following Rd file(s) with Rd \link{} targets missing package
anchors:
followupTable.Rd: anova.coxph
specialFrame.Rd: model.design, strata, strip.terms
stripes.Rd: plot.prodlim
Please provide package anchors for all Rd \link{} targets not in the
package itself and the base packages.
Flavors: r-devel-linux-x86_64-debian-clang, r-devel-linux-x86_64-debian-gcc, r-devel-windows-x86_64, r-patched-linux-x86_64, r-release-linux-x86_64, r-release-windows-x86_64