Last updated on 2025-05-06 03:51:12 CEST.
Flavor | Version | Tinstall | Tcheck | Ttotal | Status | Flags |
---|---|---|---|---|---|---|
r-devel-linux-x86_64-debian-clang | 3.3-16 | 3.11 | 38.54 | 41.65 | NOTE | |
r-devel-linux-x86_64-debian-gcc | 3.3-16 | 2.22 | 28.47 | 30.69 | NOTE | |
r-devel-linux-x86_64-fedora-clang | 3.3-16 | 63.52 | OK | |||
r-devel-linux-x86_64-fedora-gcc | 3.3-16 | 63.50 | OK | |||
r-devel-windows-x86_64 | 3.3-16 | 4.00 | 70.00 | 74.00 | OK | |
r-patched-linux-x86_64 | 3.3-16 | 4.45 | 36.62 | 41.07 | OK | |
r-release-linux-x86_64 | 3.3-16 | 3.08 | 36.59 | 39.67 | OK | |
r-release-macos-arm64 | 3.3-16 | 27.00 | OK | |||
r-release-macos-x86_64 | 3.3-16 | 61.00 | OK | |||
r-release-windows-x86_64 | 3.3-16 | 4.00 | 72.00 | 76.00 | OK | |
r-oldrel-macos-arm64 | 3.3-16 | 26.00 | OK | |||
r-oldrel-macos-x86_64 | 3.3-16 | 35.00 | OK | |||
r-oldrel-windows-x86_64 | 3.3-16 | 4.00 | 69.00 | 73.00 | OK |
Version: 3.3-16
Check: CRAN incoming feasibility
Result: NOTE
Maintainer: ‘David Harte <d.s.harte@gmail.com>’
No Authors@R field in DESCRIPTION.
Please add one, modifying
Authors@R: person(given = "David",
family = "Harte",
role = c("aut", "cre"),
email = "d.s.harte@gmail.com")
as necessary.
Package CITATION file contains call(s) to old-style personList() or
as.personList(). Please use c() on person objects instead.
Package CITATION file contains call(s) to old-style citEntry(). Please
use bibentry() instead.
Flavors: r-devel-linux-x86_64-debian-clang, r-devel-linux-x86_64-debian-gcc