Last updated on 2025-10-31 02:50:39 CET.
| Flavor | Version | Tinstall | Tcheck | Ttotal | Status | Flags | 
|---|---|---|---|---|---|---|
| r-devel-linux-x86_64-debian-clang | 0.4 | 17.24 | 139.84 | 157.08 | WARN | |
| r-devel-linux-x86_64-debian-gcc | 0.4 | 12.04 | 101.63 | 113.67 | WARN | |
| r-devel-linux-x86_64-fedora-clang | 0.4 | 39.00 | 207.40 | 246.40 | WARN | |
| r-devel-linux-x86_64-fedora-gcc | 0.4 | 42.00 | 186.47 | 228.47 | WARN | |
| r-devel-windows-x86_64 | 0.4 | 17.00 | 142.00 | 159.00 | WARN | |
| r-patched-linux-x86_64 | 0.4 | 16.04 | 130.40 | 146.44 | WARN | |
| r-release-linux-x86_64 | 0.4 | 16.19 | 129.51 | 145.70 | WARN | |
| r-release-macos-arm64 | 0.4 | 6.00 | 51.00 | 57.00 | OK | |
| r-release-macos-x86_64 | 0.4 | 13.00 | 94.00 | 107.00 | OK | |
| r-release-windows-x86_64 | 0.4 | 18.00 | 143.00 | 161.00 | WARN | |
| r-oldrel-macos-arm64 | 0.4 | 7.00 | 52.00 | 59.00 | OK | |
| r-oldrel-macos-x86_64 | 0.4 | 10.00 | 76.00 | 86.00 | OK | |
| r-oldrel-windows-x86_64 | 0.4 | 23.00 | 181.00 | 204.00 | WARN | 
Version: 0.4
Check: CRAN incoming feasibility
Result: NOTE
  Maintainer: ‘Atesh Koul <atesh.koul@gmail.com>’
  
  No Authors@R field in DESCRIPTION.
  Please add one, modifying
    Authors@R: person(given = "Atesh",
                      family = "Koul",
                      role = c("aut", "cre"),
                      email = "atesh.koul@gmail.com")
  as necessary.
Flavors: r-devel-linux-x86_64-debian-clang, r-devel-linux-x86_64-debian-gcc
Version: 0.4
Check: whether package can be installed
Result: WARN
  Found the following significant warnings:
    Warning: replacing previous import ‘e1071::element’ by ‘ggplot2::element’ when loading ‘PredPsych’
Flavors: r-devel-linux-x86_64-debian-clang, r-devel-linux-x86_64-debian-gcc, r-devel-linux-x86_64-fedora-clang, r-devel-linux-x86_64-fedora-gcc, r-devel-windows-x86_64, r-patched-linux-x86_64, r-release-linux-x86_64, r-release-windows-x86_64, r-oldrel-windows-x86_64