Last updated on 2025-07-21 03:50:34 CEST.
Flavor | Version | Tinstall | Tcheck | Ttotal | Status | Flags |
---|---|---|---|---|---|---|
r-devel-linux-x86_64-debian-clang | 1.4.3 | 15.94 | 112.94 | 128.88 | OK | |
r-devel-linux-x86_64-debian-gcc | 1.4.3 | 10.19 | 80.93 | 91.12 | OK | |
r-devel-linux-x86_64-fedora-clang | 1.4.3 | 212.31 | NOTE | |||
r-devel-linux-x86_64-fedora-gcc | 1.4.3 | 214.56 | NOTE | |||
r-devel-windows-x86_64 | 1.4.3 | 20.00 | 188.00 | 208.00 | OK | |
r-patched-linux-x86_64 | 1.4.3 | 15.30 | 108.06 | 123.36 | OK | |
r-release-linux-x86_64 | 1.4.3 | 14.35 | 107.18 | 121.53 | OK | |
r-release-macos-arm64 | 1.4.3 | 65.00 | OK | |||
r-release-macos-x86_64 | 1.4.3 | 118.00 | OK | |||
r-release-windows-x86_64 | 1.4.3 | 20.00 | 188.00 | 208.00 | OK | |
r-oldrel-macos-arm64 | 1.4.3 | 62.00 | OK | |||
r-oldrel-macos-x86_64 | 1.4.3 | 95.00 | OK | |||
r-oldrel-windows-x86_64 | 1.4.3 | 25.00 | 212.00 | 237.00 | OK |
Version: 1.4.3
Check: dependencies in R code
Result: NOTE
Namespace in Imports field not imported from: ‘dplyr’
All declared Imports should be used.
Flavors: r-devel-linux-x86_64-fedora-clang, r-devel-linux-x86_64-fedora-gcc