Last updated on 2025-05-08 03:51:33 CEST.
Flavor | Version | Tinstall | Tcheck | Ttotal | Status | Flags |
---|---|---|---|---|---|---|
r-devel-linux-x86_64-debian-clang | 1.7.2 | 53.62 | 427.18 | 480.80 | NOTE | |
r-devel-linux-x86_64-debian-gcc | 1.7.2 | 47.00 | 322.31 | 369.31 | NOTE | |
r-devel-linux-x86_64-fedora-clang | 1.7.2 | 802.43 | OK | |||
r-devel-linux-x86_64-fedora-gcc | 1.7.2 | 720.15 | OK | |||
r-devel-windows-x86_64 | 1.7.2 | 53.00 | 341.00 | 394.00 | OK | |
r-patched-linux-x86_64 | 1.7.2 | 52.62 | 411.70 | 464.32 | OK | |
r-release-linux-x86_64 | 1.7.2 | 51.48 | 405.72 | 457.20 | OK | |
r-release-macos-arm64 | 1.7.2 | 185.00 | OK | |||
r-release-macos-x86_64 | 1.7.2 | 345.00 | OK | |||
r-release-windows-x86_64 | 1.7.2 | 54.00 | 345.00 | 399.00 | OK | |
r-oldrel-macos-arm64 | 1.7.2 | 184.00 | OK | |||
r-oldrel-macos-x86_64 | 1.7.2 | 280.00 | OK | |||
r-oldrel-windows-x86_64 | 1.7.2 | 70.00 | 453.00 | 523.00 | OK |
Version: 1.7.2
Check: CRAN incoming feasibility
Result: NOTE
Maintainer: ‘Yves Rozenholc <yves.rozenholc@parisdescartes.fr>’
No Authors@R field in DESCRIPTION.
Please add one, modifying
Authors@R: c(person(given = "Yves",
family = "Rozenholc",
role = c("aut", "cre"),
email = "yves.rozenholc@parisdescartes.fr"),
person(given = "Nicolas",
family = "Pécuchet",
role = "aut"),
person(given = "Pierre",
family = "Laurent-Puig",
role = "aut"))
as necessary.
Flavors: r-devel-linux-x86_64-debian-clang, r-devel-linux-x86_64-debian-gcc