Last updated on 2025-11-03 03:49:50 CET.
| Flavor | Version | Tinstall | Tcheck | Ttotal | Status | Flags | 
|---|---|---|---|---|---|---|
| r-devel-linux-x86_64-debian-clang | 2.1 | 39.12 | 64.40 | 103.52 | NOTE | |
| r-devel-linux-x86_64-debian-gcc | 2.1 | 21.56 | 47.62 | 69.18 | NOTE | |
| r-devel-linux-x86_64-fedora-clang | 2.1 | 61.00 | 102.90 | 163.90 | OK | |
| r-devel-linux-x86_64-fedora-gcc | 2.1 | 60.00 | 92.00 | 152.00 | OK | |
| r-devel-windows-x86_64 | 2.1 | 37.00 | 99.00 | 136.00 | OK | |
| r-patched-linux-x86_64 | 2.1 | 34.01 | 60.88 | 94.89 | OK | |
| r-release-linux-x86_64 | 2.1 | 31.40 | 61.78 | 93.18 | OK | |
| r-release-macos-arm64 | 2.1 | 16.00 | 33.00 | 49.00 | OK | |
| r-release-macos-x86_64 | 2.1 | 34.00 | 57.00 | 91.00 | OK | |
| r-release-windows-x86_64 | 2.1 | 37.00 | 98.00 | 135.00 | OK | |
| r-oldrel-macos-arm64 | 2.1 | 15.00 | 30.00 | 45.00 | NOTE | |
| r-oldrel-macos-x86_64 | 2.1 | 32.00 | 43.00 | 75.00 | NOTE | |
| r-oldrel-windows-x86_64 | 2.1 | 45.00 | 124.00 | 169.00 | NOTE | 
Version: 2.1
Check: CRAN incoming feasibility
Result: NOTE
  Maintainer: ‘Andrew G Chapple <achapp@lsuhsc.edu>’
  
  No Authors@R field in DESCRIPTION.
  Please add one, modifying
    Authors@R: person(given = c("Andrew", "G"),
                      family = "Chapple",
                      role = c("aut", "cre"),
                      email = "achapp@lsuhsc.edu")
  as necessary.
Flavors: r-devel-linux-x86_64-debian-clang, r-devel-linux-x86_64-debian-gcc
Version: 2.1
Check: LazyData
Result: NOTE
    'LazyData' is specified without a 'data' directory
Flavors: r-oldrel-macos-arm64, r-oldrel-macos-x86_64, r-oldrel-windows-x86_64