Last updated on 2025-05-04 03:51:01 CEST.
Flavor | Version | Tinstall | Tcheck | Ttotal | Status | Flags |
---|---|---|---|---|---|---|
r-devel-linux-x86_64-debian-clang | 2.1.0 | 2.62 | 24.14 | 26.76 | NOTE | |
r-devel-linux-x86_64-debian-gcc | 2.1.0 | 2.13 | 19.84 | 21.97 | NOTE | |
r-devel-linux-x86_64-fedora-clang | 2.1.0 | 41.05 | NOTE | |||
r-devel-linux-x86_64-fedora-gcc | 2.1.0 | 52.65 | NOTE | |||
r-devel-windows-x86_64 | 2.1.0 | 3.00 | 45.00 | 48.00 | OK | |
r-patched-linux-x86_64 | 2.1.0 | 2.51 | 22.06 | 24.57 | OK | |
r-release-linux-x86_64 | OK | |||||
r-release-macos-arm64 | 2.1.0 | 32.00 | OK | |||
r-release-macos-x86_64 | 2.1.0 | 41.00 | OK | |||
r-release-windows-x86_64 | 2.1.0 | 4.00 | 44.00 | 48.00 | OK | |
r-oldrel-macos-arm64 | 2.1.0 | 22.00 | NOTE | |||
r-oldrel-macos-x86_64 | 2.1.0 | 34.00 | NOTE | |||
r-oldrel-windows-x86_64 | 2.1.0 | 4.00 | 50.00 | 54.00 | NOTE |
Version: 2.1.0
Check: CRAN incoming feasibility
Result: NOTE
Maintainer: ‘Aaron Schlegel <aaron@aaronschlegel.me>’
No Authors@R field in DESCRIPTION.
Please add one, modifying
Authors@R: person(given = "Aaron",
family = "Schlegel",
role = c("aut", "cre"),
email = "aaron@aaronschlegel.me")
as necessary.
Flavors: r-devel-linux-x86_64-debian-clang, r-devel-linux-x86_64-debian-gcc
Version: 2.1.0
Check: dependencies in R code
Result: NOTE
Namespace in Imports field not imported from: ‘R6’
All declared Imports should be used.
Flavors: r-devel-linux-x86_64-fedora-clang, r-devel-linux-x86_64-fedora-gcc
Version: 2.1.0
Check: LazyData
Result: NOTE
'LazyData' is specified without a 'data' directory
Flavors: r-oldrel-macos-arm64, r-oldrel-macos-x86_64, r-oldrel-windows-x86_64