Last updated on 2025-05-18 03:50:25 CEST.
Flavor | Version | Tinstall | Tcheck | Ttotal | Status | Flags |
---|---|---|---|---|---|---|
r-devel-linux-x86_64-debian-clang | 0.1.0 | 5.55 | 35.33 | 40.88 | NOTE | |
r-devel-linux-x86_64-debian-gcc | 0.1.0 | 3.95 | 26.96 | 30.91 | NOTE | |
r-devel-linux-x86_64-fedora-clang | 0.1.0 | 67.06 | NOTE | |||
r-devel-linux-x86_64-fedora-gcc | 0.1.0 | 76.86 | NOTE | |||
r-devel-windows-x86_64 | 0.1.0 | 8.00 | 54.00 | 62.00 | NOTE | |
r-patched-linux-x86_64 | 0.1.0 | 6.09 | 33.84 | 39.93 | NOTE | |
r-release-linux-x86_64 | 0.1.0 | 4.86 | 33.96 | 38.82 | NOTE | |
r-release-macos-arm64 | 0.1.0 | 33.00 | NOTE | |||
r-release-macos-x86_64 | 0.1.0 | 53.00 | NOTE | |||
r-release-windows-x86_64 | 0.1.0 | 8.00 | 62.00 | 70.00 | NOTE | |
r-oldrel-macos-arm64 | 0.1.0 | 28.00 | NOTE | |||
r-oldrel-macos-x86_64 | 0.1.0 | 42.00 | NOTE | |||
r-oldrel-windows-x86_64 | 0.1.0 | 9.00 | 63.00 | 72.00 | NOTE |
Version: 0.1.0
Check: Rd files
Result: NOTE
checkRd: (-1) PakPMICS2018mn.Rd:243: Lost braces in \enumerate; meant \describe ?
checkRd: (-1) PakPMICS2018mn.Rd:244: Lost braces in \enumerate; meant \describe ?
Flavors: r-devel-linux-x86_64-debian-clang, r-devel-linux-x86_64-debian-gcc, r-devel-linux-x86_64-fedora-clang, r-devel-linux-x86_64-fedora-gcc, r-devel-windows-x86_64, r-patched-linux-x86_64, r-release-linux-x86_64, r-release-macos-arm64, r-release-macos-x86_64, r-release-windows-x86_64, r-oldrel-macos-arm64, r-oldrel-macos-x86_64, r-oldrel-windows-x86_64