CRAN Package Check Results for Package PakPMICS2014HH

Last updated on 2025-07-19 03:48:40 CEST.

Flavor Version Tinstall Tcheck Ttotal Status Flags
r-devel-linux-x86_64-debian-clang 0.1.0 3.12 23.36 26.48 NOTE
r-devel-linux-x86_64-debian-gcc 0.1.0 2.52 19.08 21.60 NOTE
r-devel-linux-x86_64-fedora-clang 0.1.0 41.02 NOTE
r-devel-linux-x86_64-fedora-gcc 0.1.0 38.46 NOTE
r-devel-windows-x86_64 0.1.0 6.00 42.00 48.00 NOTE
r-patched-linux-x86_64 0.1.0 3.22 21.67 24.89 NOTE
r-release-linux-x86_64 0.1.0 2.99 21.68 24.67 NOTE
r-release-macos-arm64 0.1.0 18.00 NOTE
r-release-macos-x86_64 0.1.0 26.00 NOTE
r-release-windows-x86_64 0.1.0 4.00 44.00 48.00 NOTE
r-oldrel-macos-arm64 0.1.0 18.00 NOTE
r-oldrel-macos-x86_64 0.1.0 23.00 NOTE
r-oldrel-windows-x86_64 0.1.0 4.00 48.00 52.00 NOTE

Check Details

Version: 0.1.0
Check: Rd files
Result: NOTE checkRd: (-1) MICS2014HH.Rd:214: Lost braces in \enumerate; meant \describe ? checkRd: (-1) MICS2014HH.Rd:215: Lost braces in \enumerate; meant \describe ? Flavors: r-devel-linux-x86_64-debian-clang, r-devel-linux-x86_64-debian-gcc, r-devel-linux-x86_64-fedora-clang, r-devel-linux-x86_64-fedora-gcc, r-devel-windows-x86_64, r-patched-linux-x86_64, r-release-linux-x86_64, r-release-macos-arm64, r-release-macos-x86_64, r-release-windows-x86_64, r-oldrel-macos-arm64, r-oldrel-macos-x86_64, r-oldrel-windows-x86_64

Version: 0.1.0
Check: dependencies in R code
Result: NOTE Namespace in Imports field not imported from: ‘stats’ All declared Imports should be used. Flavors: r-devel-linux-x86_64-fedora-clang, r-devel-linux-x86_64-fedora-gcc