Last updated on 2025-11-15 03:50:20 CET.
| Flavor | Version | Tinstall | Tcheck | Ttotal | Status | Flags |
|---|---|---|---|---|---|---|
| r-devel-linux-x86_64-debian-clang | 1.3.6 | 5.85 | 85.54 | 91.39 | NOTE | |
| r-devel-linux-x86_64-debian-gcc | 1.3.6 | 4.31 | 65.82 | 70.13 | NOTE | |
| r-devel-linux-x86_64-fedora-clang | 1.3.6 | 45.00 | 99.40 | 144.40 | OK | |
| r-devel-linux-x86_64-fedora-gcc | 1.3.6 | 13.00 | 128.09 | 141.09 | OK | |
| r-devel-windows-x86_64 | 1.3.6 | 9.00 | 89.00 | 98.00 | OK | |
| r-patched-linux-x86_64 | 1.3.6 | 5.25 | 81.49 | 86.74 | NOTE | |
| r-release-linux-x86_64 | 1.3.6 | 5.64 | 81.18 | 86.82 | NOTE | |
| r-release-macos-arm64 | 1.3.6 | 3.00 | 55.00 | 58.00 | OK | |
| r-release-macos-x86_64 | 1.3.6 | 6.00 | 82.00 | 88.00 | OK | |
| r-release-windows-x86_64 | 1.3.6 | 8.00 | 88.00 | 96.00 | OK | |
| r-oldrel-macos-arm64 | 1.3.6 | 3.00 | 41.00 | 44.00 | OK | |
| r-oldrel-macos-x86_64 | 1.3.6 | 4.00 | 64.00 | 68.00 | OK | |
| r-oldrel-windows-x86_64 | 1.3.6 | 10.00 | 104.00 | 114.00 | OK |
Version: 1.3.6
Check: CRAN incoming feasibility
Result: NOTE
Maintainer: ‘Catherine Hurley <catherine.hurley@mu.ie>’
No Authors@R field in DESCRIPTION.
Please add one, modifying
Authors@R: c(person(given = "C.B.",
family = "Hurley",
role = "aut"),
person(given = "R.W.",
family = "Oldford",
role = "aut"),
person(given = "Catherine",
family = "Hurley",
role = "cre",
email = "catherine.hurley@mu.ie"))
as necessary.
Flavors: r-devel-linux-x86_64-debian-clang, r-devel-linux-x86_64-debian-gcc
Version: 1.3.6
Check: for unstated dependencies in ‘demo’
Result: NOTE
'library' or 'require' calls not declared from:
‘gclus’ ‘irr’ ‘seriation’
Flavors: r-devel-linux-x86_64-debian-clang, r-devel-linux-x86_64-debian-gcc, r-patched-linux-x86_64, r-release-linux-x86_64