Last updated on 2025-05-02 03:51:17 CEST.
Flavor | Version | Tinstall | Tcheck | Ttotal | Status | Flags |
---|---|---|---|---|---|---|
r-devel-linux-x86_64-debian-clang | 1.0.0.1000 | 1.96 | 33.75 | 35.71 | NOTE | |
r-devel-linux-x86_64-debian-gcc | 1.0.0.1000 | 1.58 | 23.93 | 25.51 | OK | |
r-devel-linux-x86_64-fedora-clang | 1.0.0.1000 | 54.66 | OK | |||
r-devel-linux-x86_64-fedora-gcc | 1.0.0.1000 | 56.33 | OK | |||
r-devel-windows-x86_64 | 1.0.0.1000 | 3.00 | 58.00 | 61.00 | OK | |
r-patched-linux-x86_64 | 1.0.0.1000 | 2.34 | 31.17 | 33.51 | OK | |
r-release-linux-x86_64 | OK | |||||
r-release-macos-arm64 | 1.0.0.1000 | 21.00 | OK | |||
r-release-macos-x86_64 | 1.0.0.1000 | 40.00 | OK | |||
r-release-windows-x86_64 | 1.0.0.1000 | 3.00 | 58.00 | 61.00 | OK | |
r-oldrel-macos-arm64 | 1.0.0.1000 | 20.00 | OK | |||
r-oldrel-macos-x86_64 | 1.0.0.1000 | 30.00 | OK | |||
r-oldrel-windows-x86_64 | 1.0.0.1000 | 3.00 | 64.00 | 67.00 | OK |
Version: 1.0.0.1000
Check: examples
Result: NOTE
Examples with CPU (user + system) or elapsed time > 5s
user system elapsed
tMarLab 4.774 0.003 6.107
Flavor: r-devel-linux-x86_64-debian-clang