Last updated on 2025-05-18 03:50:25 CEST.
Flavor | Version | Tinstall | Tcheck | Ttotal | Status | Flags |
---|---|---|---|---|---|---|
r-devel-linux-x86_64-debian-clang | 0.1.0 | 5.34 | 51.73 | 57.07 | OK | |
r-devel-linux-x86_64-debian-gcc | 0.1.0 | 4.03 | 34.36 | 38.39 | OK | |
r-devel-linux-x86_64-fedora-clang | 0.1.0 | 99.45 | NOTE | |||
r-devel-linux-x86_64-fedora-gcc | 0.1.0 | 87.43 | NOTE | |||
r-devel-windows-x86_64 | 0.1.0 | 7.00 | 68.00 | 75.00 | OK | |
r-patched-linux-x86_64 | 0.1.0 | 5.76 | 47.96 | 53.72 | OK | |
r-release-linux-x86_64 | 0.1.0 | 5.97 | 48.15 | 54.12 | OK | |
r-release-macos-arm64 | 0.1.0 | 29.00 | OK | |||
r-release-macos-x86_64 | 0.1.0 | 55.00 | OK | |||
r-release-windows-x86_64 | 0.1.0 | 7.00 | 78.00 | 85.00 | OK | |
r-oldrel-macos-arm64 | 0.1.0 | 27.00 | OK | |||
r-oldrel-macos-x86_64 | 0.1.0 | 42.00 | OK | |||
r-oldrel-windows-x86_64 | 0.1.0 | 15.00 | 87.00 | 102.00 | OK |
Version: 0.1.0
Check: dependencies in R code
Result: NOTE
Namespace in Imports field not imported from: ‘ncvreg’
All declared Imports should be used.
Flavors: r-devel-linux-x86_64-fedora-clang, r-devel-linux-x86_64-fedora-gcc