CRAN Package Check Results for Package PCBS

Last updated on 2025-05-01 03:49:58 CEST.

Flavor Version Tinstall Tcheck Ttotal Status Flags
r-devel-linux-x86_64-debian-clang 0.1.1 8.86 95.70 104.56 NOTE
r-devel-linux-x86_64-debian-gcc 0.1.1 5.51 71.38 76.89 OK
r-devel-linux-x86_64-fedora-clang 0.1.1 131.15 OK
r-devel-linux-x86_64-fedora-gcc 0.1.1 125.79 OK
r-devel-windows-x86_64 0.1.1 10.00 88.00 98.00 OK
r-patched-linux-x86_64 0.1.1 8.19 85.48 93.67 OK
r-release-linux-x86_64 0.1.1 7.61 87.30 94.91 OK
r-release-macos-arm64 0.1.1 40.00 OK
r-release-macos-x86_64 0.1.1 75.00 OK
r-release-windows-x86_64 0.1.1 11.00 87.00 98.00 OK
r-oldrel-macos-arm64 0.1.1 43.00 OK
r-oldrel-macos-x86_64 0.1.1 110.00 OK
r-oldrel-windows-x86_64 0.1.1 14.00 108.00 122.00 OK

Check Details

Version: 0.1.1
Check: examples
Result: NOTE Examples with CPU (user + system) or elapsed time > 5s user system elapsed multiple_metagenes 8.575 0.459 5.364 Get_Novel_DMRs 8.420 0.468 5.267 score_metagene 8.361 0.404 4.733 plot_metagene 6.740 0.321 3.513 Flavor: r-devel-linux-x86_64-debian-clang

Version: 0.1.1
Check: examples
Result: NA user system elapsed Get_Novel_DMRs 7.637 0.095 5.005 multiple_metagenes 7.326 0.096 4.875 plot_metagene 6.793 0.006 4.089 OK Flavor: r-devel-linux-x86_64-debian-gcc