CRAN Package Check Results for Package PCAmatchR

Last updated on 2025-04-30 03:51:01 CEST.

Flavor Version Tinstall Tcheck Ttotal Status Flags
r-devel-linux-x86_64-debian-clang 0.3.3 2.12 38.95 41.07 NOTE
r-devel-linux-x86_64-debian-gcc 0.3.3 1.50 30.26 31.76 NOTE
r-devel-linux-x86_64-fedora-clang 0.3.3 62.26 OK
r-devel-linux-x86_64-fedora-gcc 0.3.3 77.06 OK
r-devel-windows-x86_64 0.3.3 3.00 60.00 63.00 OK
r-patched-linux-x86_64 0.3.3 2.01 37.72 39.73 OK
r-release-linux-x86_64 0.3.3 2.02 37.22 39.24 OK
r-release-macos-arm64 0.3.3 41.00 OK
r-release-macos-x86_64 0.3.3 59.00 OK
r-release-windows-x86_64 0.3.3 3.00 61.00 64.00 OK
r-oldrel-macos-arm64 0.3.3 29.00 OK
r-oldrel-macos-x86_64 0.3.3 42.00 OK
r-oldrel-windows-x86_64 0.3.3 3.00 70.00 73.00 OK

Check Details

Version: 0.3.3
Check: CRAN incoming feasibility
Result: NOTE Maintainer: ‘Derek W. Brown <derek9@gwmail.gwu.edu>’ Package CITATION file contains call(s) to old-style personList() or as.personList(). Please use c() on person objects instead. Package CITATION file contains call(s) to old-style citEntry(). Please use bibentry() instead. Flavors: r-devel-linux-x86_64-debian-clang, r-devel-linux-x86_64-debian-gcc

Version: 0.3.3
Check: examples
Result: NOTE Examples with CPU (user + system) or elapsed time > 5s user system elapsed match_maker 3.612 0.217 5.447 Flavor: r-devel-linux-x86_64-debian-clang