Last updated on 2025-05-02 03:51:16 CEST.
Flavor | Version | Tinstall | Tcheck | Ttotal | Status | Flags |
---|---|---|---|---|---|---|
r-devel-linux-x86_64-debian-clang | 0.1.1 | 15.34 | 40.80 | 56.14 | NOTE | |
r-devel-linux-x86_64-debian-gcc | 0.1.1 | 10.67 | 29.33 | 40.00 | NOTE | |
r-devel-linux-x86_64-fedora-clang | 0.1.1 | 92.38 | OK | |||
r-devel-linux-x86_64-fedora-gcc | 0.1.1 | 91.52 | OK | |||
r-devel-windows-x86_64 | 0.1.1 | 17.00 | 87.00 | 104.00 | OK | |
r-patched-linux-x86_64 | 0.1.1 | 15.71 | 38.26 | 53.97 | OK | |
r-release-linux-x86_64 | OK | |||||
r-release-macos-arm64 | 0.1.1 | 26.00 | OK | |||
r-release-macos-x86_64 | 0.1.1 | 54.00 | OK | |||
r-release-windows-x86_64 | 0.1.1 | 17.00 | 88.00 | 105.00 | OK | |
r-oldrel-macos-arm64 | 0.1.1 | 27.00 | NOTE | |||
r-oldrel-macos-x86_64 | 0.1.1 | 41.00 | NOTE | |||
r-oldrel-windows-x86_64 | 0.1.1 | 17.00 | 93.00 | 110.00 | NOTE |
Version: 0.1.1
Check: CRAN incoming feasibility
Result: NOTE
Maintainer: ‘Seung Won Hyun <yellowatom09@gmail.com>’
No Authors@R field in DESCRIPTION.
Please add one, modifying
Authors@R: c(person(given = c("Seung", "Won"),
family = "Hyun",
role = c("aut", "cre"),
email = "yellowatom09@gmail.com"),
person(given = c("Weng", "Kee"),
family = "Wong",
role = "aut"),
person(given = "Yarong",
family = "Yang",
role = "aut"))
as necessary.
Flavors: r-devel-linux-x86_64-debian-clang, r-devel-linux-x86_64-debian-gcc
Version: 0.1.1
Check: examples
Result: NOTE
Examples with CPU (user + system) or elapsed time > 5s
user system elapsed
RDOPT 5.69 0.032 6.24
Flavor: r-devel-linux-x86_64-debian-clang
Version: 0.1.1
Check: LazyData
Result: NOTE
'LazyData' is specified without a 'data' directory
Flavors: r-oldrel-macos-arm64, r-oldrel-macos-x86_64, r-oldrel-windows-x86_64