Last updated on 2025-11-24 03:50:44 CET.
| Flavor | Version | Tinstall | Tcheck | Ttotal | Status | Flags |
|---|---|---|---|---|---|---|
| r-devel-linux-x86_64-debian-clang | 1.0-2 | 3.49 | 36.04 | 39.53 | NOTE | |
| r-devel-linux-x86_64-debian-gcc | 1.0-2 | 2.50 | 25.37 | 27.87 | NOTE | |
| r-devel-linux-x86_64-fedora-clang | 1.0-2 | 62.35 | NOTE | |||
| r-devel-windows-x86_64 | 1.0-2 | 5.00 | 47.00 | 52.00 | OK | |
| r-patched-linux-x86_64 | 1.0-2 | 3.87 | 33.60 | 37.47 | NOTE | |
| r-release-linux-x86_64 | 1.0-2 | 3.91 | 33.88 | 37.79 | NOTE | |
| r-release-macos-arm64 | 1.0-2 | OK | ||||
| r-release-macos-x86_64 | 1.0-2 | 3.00 | 30.00 | 33.00 | OK | |
| r-release-windows-x86_64 | 1.0-2 | 5.00 | 46.00 | 51.00 | OK | |
| r-oldrel-macos-arm64 | 1.0-2 | OK | ||||
| r-oldrel-macos-x86_64 | 1.0-2 | 3.00 | 24.00 | 27.00 | OK | |
| r-oldrel-windows-x86_64 | 1.0-2 | 5.00 | 48.00 | 53.00 | OK |
Version: 1.0-2
Check: CRAN incoming feasibility
Result: NOTE
Maintainer: ‘Tianqing Liu <tianqingliu@gmail.com>’
No Authors@R field in DESCRIPTION.
Please add one, modifying
Authors@R: c(person(given = "Tianqing",
family = "Liu",
role = c("aut", "cre"),
email = "tianqingliu@gmail.com"),
person(given = "Nan",
family = "Lin",
role = "aut"),
person(given = "Ningzhong",
family = "Shi",
role = "aut"),
person(given = "Baoxue",
family = "Zhang",
role = "aut"))
as necessary.
Flavors: r-devel-linux-x86_64-debian-clang, r-devel-linux-x86_64-debian-gcc
Version: 1.0-2
Check: for non-standard things in the check directory
Result: NOTE
Found the following files/directories:
‘cluster of fitted mean data.eps’ ‘cluster of fitted mean data.txt’
‘cluster of raw data.txt’
Flavors: r-devel-linux-x86_64-debian-clang, r-devel-linux-x86_64-debian-gcc, r-devel-linux-x86_64-fedora-clang, r-patched-linux-x86_64, r-release-linux-x86_64